
--
-- Table structure for table `projects_categories`
--

CREATE TABLE `projects_categories` (
  `id` int(11) NOT NULL AUTO_INCREMENT,
  `title` varchar(256) NOT NULL,
  `parent_id` int(11) DEFAULT NULL,
  PRIMARY KEY (`id`),
  UNIQUE KEY `title_UNIQUE` (`title`)
) ENGINE=InnoDB AUTO_INCREMENT=92 DEFAULT CHARSET=utf8;

--
-- Dumping data for table `projects_categories`
--

INSERT INTO `projects_categories` VALUES (7,'Agriculture',NULL),(9,'Artisanat',NULL),(10,'pêche',NULL),(11,'pams',NULL),(12,'apiculture',7),(13,'aviculture',7),(14,'oléoculture',7),(17,'peche artisanale',10),(18,'peche moderne',10),(19,'menuiserie alu',9),(21,'Cuniculture',7),(22,'Commerce',NULL),(23,'Tourisme-CHR',NULL),(24,'Transport ',NULL),(25,'Service',NULL),(26,'Education',NULL),(27,'Autre secteur',NULL),(28,'Amandier',7),(29,'Champignons',7),(30,'Elevage d\'ovins',7),(31,'Elevage de bovins',7),(32,'Elevage de caprins',7),(33,'Figuier de Barbarie',7),(34,'Figuier',7),(35,'Héliciculture',7),(36,'Lait',7),(38,'Fromagerie artisanale',7),(39,'Oléiculture',7),(40,'Plantes aromatique et médicinales ',7),(41,'Pépinière',7),(42,'Autre - Agriculture',7),(43,'Vannerie',9),(44,'Couture',9),(45,'Electricité et plomberie de Bâtiment',9),(46,'Ferronnerie',9),(47,'Maroquinerie',9),(48,'Menuiserie Bois',9),(49,'Peinture Bâtiment',9),(50,'Construction bâtiment',9),(51,'Platrier',9),(52,'Tapisserie',9),(53,'Tissage et broderie',9),(54,'Tapis',9),(55,'Boulangerie/petite restauration',9),(56,'Fabrication de savon artisanale',9),(57,'Coiffure et esthétique',9),(58,'Autre - Artisanat ',9),(59,'Aquaculture',10),(60,'Conditionnement et transformation des produits de la mer',10),(61,'Autre -  Pêche',10),(62,'Café',23),(63,'Hôtellerie ',23),(64,'Restauration ',23),(65,'Traiteur',23),(66,'Parc de loisirs',23),(67,'Agence de voyage',23),(68,'Autre - Tourisme-CHR',23),(69,'Commerce de détails',22),(70,'Commerce de gros',22),(71,'Autre - Commerce',22),(72,'Transport de personne',24),(73,'Transport de marchandise',24),(74,'Autre - Transport ',24),(75,'Organisation d\'événements',25),(76,'Agence de location de voiture',25),(77,'Nettoyage',25),(78,'Jardinage',25),(79,'Gardiennage',25),(80,'Imprimerie',25),(81,'Agence de communication',25),(82,'Cabinet de formation',25),(83,'Livraison',25),(84,'Reparation matériel élctrique et électronique',25),(85,'Mécanique et électricité automobile',25),(86,'Autre - Service',25),(87,'Soutien scolaire',26),(88,'Garderie et crèche ',26),(89,'Ecoles d\'enseignement général privés',26),(90,'Etablissements de formation professionnelle',26),(91,'Autre - Education',26);

--
-- Table structure for table `projects_sheets`
--

CREATE TABLE `projects_sheets` (
  `id` int(11) NOT NULL AUTO_INCREMENT,
  `category_id` int(11) NOT NULL,
  `township_id` int(11) NOT NULL,
  `title` varchar(165) NOT NULL,
  `description` varchar(565) NOT NULL,
  `market_type` varchar(45) NOT NULL,
  `holder_profile` varchar(65) NOT NULL,
  `surface` int(11) NOT NULL,
  `equipment` varchar(265) DEFAULT NULL,
  `production_value` int(11) NOT NULL,
  `production_unit` varchar(45) NOT NULL,
  `production_duration` varchar(45) NOT NULL,
  `turnover` int(11) NOT NULL,
  `total_jobs` int(11) NOT NULL,
  `total_investment` int(11) NOT NULL,
  `strengths` json DEFAULT NULL,
  `weaknesses` json DEFAULT NULL,
  `financing_modes` json NOT NULL,
  `investment_program` json NOT NULL,
  `partnerships` varchar(265) DEFAULT NULL,
  `contacts` varchar(265) DEFAULT NULL,
  `created_at` timestamp NULL DEFAULT CURRENT_TIMESTAMP,
  `updated_at` timestamp NULL DEFAULT NULL ON UPDATE CURRENT_TIMESTAMP,
  `deleted_at` timestamp NULL DEFAULT NULL,
  PRIMARY KEY (`id`),
  KEY `project_sheet_category_idx` (`category_id`),
  KEY `project_sheet_township_idx` (`township_id`),
  CONSTRAINT `project_sheet_category` FOREIGN KEY (`category_id`) REFERENCES `projects_categories` (`id`),
  CONSTRAINT `project_sheet_township` FOREIGN KEY (`township_id`) REFERENCES `townships` (`id`)
) ENGINE=InnoDB AUTO_INCREMENT=107 DEFAULT CHARSET=utf8;

--
-- Dumping data for table `projects_sheets`
--

INSERT INTO `projects_sheets` VALUES (20,13,5,'Multi-channelled multimedia acce','Vel nesciunt velit non maxime ducimus et nostrum. In non ut rerum ut dignissimos ut. Voluptas praesentium voluptatem iure voluptas velit voluptates. Beatae vero quasi occaecati id enim.','Marché Nationale et Export','Welder',53548,'Maxime tempora deleniti et rerum. Magnam autem praesentium placeat dolorum.',57761,'tonnes','an',1843692,125,1726442,'[{\"strengths\": \"Numquam tempore velit dolores veritatis. Repellendus excepturi quaerat nobis magnam harum et.\"}, {\"strengths\": \"Voluptas esse enim excepturi et. Fugiat nihil odio nisi quas quo itaque eum.\"}, {\"strengths\": \"Quis soluta quam architecto quo amet tempora qui. Minus id repellat ea ipsam.\"}, {\"strengths\": \"Nostrum dolore ut animi ut. Velit aut quis incidunt minima. Omnis quam earum est id.\"}]','[]','[{\"label\": \"amet\", \"value\": \"86048\"}, {\"label\": \"non\", \"value\": \"23959\"}]','[{\"label\": \"non\", \"value\": \"34158\"}, {\"label\": \"optio\", \"value\": \"69429\"}, {\"label\": \"molestiae\", \"value\": \"14341\"}]','Qui harum cupiditate et quis sunt possimus et. Ut rem rerum eum modi.','Dolores libero quam deserunt. Tempore consequatur voluptatem esse qui autem.','2020-03-30 08:35:47',NULL,NULL),(21,14,5,'Cross-platform explicit GraphicalUserInterface','Tempora ipsam odio cumque quae quas corrupti. Officiis qui eveniet quia voluptatum ab sit. Molestias vero corporis consequuntur corrupti est. Possimus sapiente quia omnis voluptatibus.','Marché Nationale et Export','Counselor',70094,'Modi itaque vel laboriosam quo voluptatem sint quos. Dolores explicabo ab veritatis et est dolor libero. Vitae quia quis aut. Tempora necessitatibus impedit sequi.',73832,'tonnes','mois',1547254,753,1769582,'[{\"strengths\": \"Et rerum et iste dolor vel. Vel sunt illo nesciunt soluta et vero. Animi porro odit est quos.\"}, {\"strengths\": \"Ipsam mollitia assumenda quia neque eos. Qui ipsum maiores in.\"}]','[{\"weaknesses\": \"Quod sit vel iure. Consequatur nesciunt excepturi aut omnis repudiandae. Et quidem illum quis qui.\"}]','[{\"label\": \"ipsum\", \"value\": 18325}, {\"label\": \"ratione\", \"value\": 64045}, {\"label\": \"minima\", \"value\": 86689}]','[{\"label\": \"fugit\", \"value\": 19196}]','Pariatur ut nostrum perferendis. Vel quis odit quis voluptatem maiores.','Est ratione quasi necessitatibus iste dolorem. Eos vero voluptatem delectus. Fugit et et labore.','2020-03-30 08:35:47',NULL,NULL),(22,17,10,'Integrated empowering initiative','Qui sequi inventore accusamus veritatis. Voluptatem aspernatur ut recusandae pariatur architecto ut mollitia voluptatum. A error hic iure ab hic. Aperiam ea vero deleniti quos et. Iusto soluta labore neque excepturi dolor sit.','Marché Nationale et Export','Counselor',66178,'Maiores adipisci nihil et rerum. Et magnam et error maiores. Qui voluptas a nihil saepe sit.',66551,'tonnes','trimestre',1889996,898,1472558,'[{\"strengths\": \"Alias odit quia eligendi officia est. Nobis sint illo ipsam ea. Iusto aliquam est asperiores id.\"}]','[{\"weaknesses\": \"Eveniet quam et molestiae ullam omnis eos. Fugit quibusdam consequatur officia ullam incidunt enim.\"}]','[{\"label\": \"eligendi\", \"value\": 54617}, {\"label\": \"sit\", \"value\": 12370}]','[{\"label\": \"laudantium\", \"value\": 8655}]','Repellendus corrupti ut velit iusto. Quasi fugit quas totam quo. Voluptatem eum atque qui.','Quas adipisci reiciendis sed dolorem dolore. Est hic rem sunt nesciunt harum dicta vitae.','2020-03-30 08:35:47',NULL,NULL),(23,12,10,'Fundamental composite complexity','Dolores dolorum tempora rem consequuntur autem saepe. Debitis mollitia iusto culpa. Et temporibus eveniet voluptatem nostrum aperiam omnis dolores mollitia. Possimus rerum fugiat quas eius omnis occaecati.','Marché International','Writer OR Author',39599,'Distinctio ut assumenda facilis aliquam aut optio. Minus at velit est et. Aperiam dolorum et sit. Illum architecto sit vitae optio ut.',32597,'unités','an',556621,872,1623446,'[{\"strengths\": \"Cupiditate et est molestiae sed dolorem. Maxime pariatur ipsam sint impedit vero explicabo.\"}, {\"strengths\": \"Eum et aperiam officia non consequatur dignissimos. Ab id et aspernatur est.\"}, {\"strengths\": \"Quam quas perferendis sed blanditiis aut fuga. In itaque fugit ex sapiente quia eum quia.\"}]','[{\"weaknesses\": \"Accusantium commodi ex et libero deserunt ipsam. Vel ut maiores ea delectus.\"}]','[{\"label\": \"qui\", \"value\": 64262}, {\"label\": \"enim\", \"value\": 70929}]','[{\"label\": \"voluptatem\", \"value\": 17586}, {\"label\": \"placeat\", \"value\": 2239}, {\"label\": \"consequatur\", \"value\": 63088}]','Error quibusdam minima voluptatem non et cum. Voluptatem pariatur a architecto quos hic.','Mollitia ut maxime labore ea reiciendis labore enim voluptate. Est cupiditate est et et eius.','2020-03-30 08:35:47',NULL,NULL),(24,12,9,'Digitized grid-enabled hardware','Beatae quia beatae quis vitae. Ut qui laudantium ut ex sit dignissimos. Officiis est est voluptate cum. Sed in et maiores ut delectus. Assumenda non omnis nostrum. Placeat vel modi quasi veritatis accusantium. Exercitationem quas perspiciatis ea soluta provident. A corrupti veritatis dolorem.','Marché International','Taper',69009,'Voluptates porro voluptatem quia laborum beatae eum aperiam. Ut sunt quia et. Rerum dolorem vitae quibusdam rem debitis vitae.',50185,'tonnes','trimestre',1538150,688,266956,'[{\"strengths\": \"Nihil unde quisquam nobis dolor. Sed soluta sed ea consequatur. Reiciendis nam sint sapiente harum.\"}, {\"strengths\": \"Et cum delectus eligendi dolores necessitatibus id. Fugit in rerum dolor quo cum aperiam quasi rem.\"}]','[{\"weaknesses\": \"Esse sunt porro sed voluptatem dolorum. Et qui et placeat molestiae facilis et.\"}]','[{\"label\": \"dignissimos\", \"value\": 18150}, {\"label\": \"odit\", \"value\": 40254}, {\"label\": \"a\", \"value\": 3010}, {\"label\": \"reprehenderit\", \"value\": 37711}]','[{\"label\": \"ut\", \"value\": 46578}, {\"label\": \"corrupti\", \"value\": 55118}, {\"label\": \"sapiente\", \"value\": 29842}, {\"label\": \"minus\", \"value\": 9303}]','Beatae placeat officiis pariatur voluptatem atque ut. Ex quaerat doloremque earum voluptatem ut.','Ducimus mollitia nisi excepturi. Autem amet culpa dolores itaque. Aut ad non rerum qui nihil.','2020-03-30 08:35:47',NULL,NULL),(25,17,13,'Multi-lateral attitude-oriented hardware','Culpa sit maxime at. Quas nihil quo asperiores voluptas ut omnis quis optio. Excepturi fugit pariatur omnis debitis velit. Aut quas occaecati consequatur optio quia.','Marché Nationale et Export','License Clerk',21481,'Ea ut architecto vel. Sit et et maxime omnis dolorum corporis necessitatibus. Id non sunt exercitationem voluptatem doloribus sit harum. Quas et consequatur doloremque minima ipsam magni mollitia.',29913,'tonnes','mois',616050,445,160630,'[{\"strengths\": \"Aliquam dolor accusantium quia qui. Alias sunt mollitia hic sed qui itaque nesciunt.\"}, {\"strengths\": \"Qui adipisci sed voluptatem ut rerum. Voluptatem maiores voluptas harum rerum quidem.\"}, {\"strengths\": \"Omnis rem inventore aperiam. Ab est animi est amet autem esse.\"}, {\"strengths\": \"Quia quis saepe sit sapiente. Aut officiis iste veritatis. Quidem ex nisi ab aut consectetur.\"}]','[]','[{\"label\": \"ullam\", \"value\": 45569}, {\"label\": \"sed\", \"value\": 36755}, {\"label\": \"sequi\", \"value\": 74084}]','[{\"label\": \"eum\", \"value\": 12336}, {\"label\": \"in\", \"value\": 2295}, {\"label\": \"magnam\", \"value\": 14845}, {\"label\": \"voluptatem\", \"value\": 75590}, {\"label\": \"consequatur\", \"value\": 27088}, {\"label\": \"cupiditate\", \"value\": 75660}]','Aut quis aperiam vel maxime. Velit ut id laborum nisi corrupti. Rerum omnis non enim voluptatem.','Enim autem veritatis sit. Mollitia possimus harum dolores odit. Nobis quia atque animi.','2020-03-30 08:35:47',NULL,NULL),(26,14,9,'Managed solution-oriented project','Illo sed velit qui nisi. Ut libero rerum nihil quo et eum amet. Perspiciatis facilis earum adipisci sed omnis et minima porro.','Marché International','Operations Research Analyst',45510,'Sit similique explicabo architecto dolor quisquam suscipit. Tempora minima voluptatem accusamus autem aliquam iusto accusantium. Ut odio sequi excepturi.',31003,'unités','mois',1848479,22,266688,'[{\"strengths\": \"Sit quam eos reiciendis quos non assumenda. Et autem dolores rerum suscipit. Qui id officiis quae.\"}, {\"strengths\": \"Minima porro occaecati ipsa et iure. Aut incidunt fuga aliquam provident commodi accusamus ad.\"}, {\"strengths\": \"Ullam magni at non dicta ea ratione. Sit laborum reiciendis rerum fugit voluptatem dolorem libero.\"}, {\"strengths\": \"Excepturi illum velit nesciunt eos fugit. Porro quia iste rerum.\"}]','[]','[{\"label\": \"aut\", \"value\": 88414}, {\"label\": \"et\", \"value\": 52743}]','[{\"label\": \"accusantium\", \"value\": 16175}]','Sunt laudantium qui et atque omnis reiciendis. Ab et reiciendis aut et.','Quasi et architecto sunt nemo et. Maxime itaque non itaque tempore nemo consequuntur.','2020-03-30 08:35:47',NULL,NULL),(27,17,9,'Balanced system-worthy hardware','Consequuntur aut debitis reprehenderit libero. Nihil amet rem sint magni ut voluptatem. Molestiae placeat voluptas eius dolorem. Et amet eum animi vitae voluptatem sed distinctio. Cum sit pariatur dolore a. Et minima labore qui perferendis omnis. Molestiae quas facere ipsum non sit aliquam et et.','Marché International','Pastry Chef',41377,'Rerum minima qui possimus. Asperiores repellat et sed rerum pariatur. Ducimus aliquam asperiores omnis tempore optio aut. Autem aut culpa accusantium impedit.',33143,'tonnes','trimestre',1087487,555,397701,'[{\"strengths\": \"Nobis doloribus et est. Et libero fugit cum et maxime quia. Mollitia eum at laborum quia itaque.\"}]','[]','[{\"label\": \"amet\", \"value\": 74717}, {\"label\": \"deserunt\", \"value\": 79193}, {\"label\": \"sint\", \"value\": 76766}, {\"label\": \"expedita\", \"value\": 74856}]','[{\"label\": \"incidunt\", \"value\": 55703}, {\"label\": \"libero\", \"value\": 68957}, {\"label\": \"expedita\", \"value\": 46041}, {\"label\": \"consequatur\", \"value\": 79611}]','Et enim cum eius quis consequatur at sint et. Voluptas est molestiae error sit id itaque quia.','Aut unde aliquam id eum. Eum reiciendis aut quia voluptas id amet. Esse in quia eum ut.','2020-03-30 08:35:47',NULL,NULL),(28,12,10,'Networked radical info-mediaries','Et esse sed suscipit aliquam odit. Quasi adipisci cupiditate qui laborum quidem eius non. Dolor vel perspiciatis voluptas laboriosam molestiae libero. Cupiditate voluptas laudantium non ducimus.','Marché International','Biological Science Teacher',71677,'Quia odit totam modi aut officiis illum. Eos velit harum illo iusto voluptatum et vero quis. Nisi sequi dignissimos excepturi ea dignissimos amet.',20097,'tonnes','mois',1102662,375,347040,'[{\"strengths\": \"Omnis quas nihil dolor mollitia ipsum. Eveniet sit architecto et. Voluptas aspernatur eos est.\"}, {\"strengths\": \"Ut voluptas quibusdam aut in tenetur qui. Omnis aut aut quas officiis in sequi.\"}, {\"strengths\": \"Non laboriosam qui dolore perspiciatis deserunt et aut esse. Hic nulla veniam doloribus voluptatem.\"}]','[{\"weaknesses\": \"Mollitia non omnis dolorem ex eius. Esse totam dolore id deleniti. Cum facere et optio ut.\"}]','[{\"label\": \"et\", \"value\": 60708}, {\"label\": \"nisi\", \"value\": 24329}, {\"label\": \"aut\", \"value\": 82974}, {\"label\": \"eum\", \"value\": 1908}]','[{\"label\": \"reprehenderit\", \"value\": 82356}]','Quis aspernatur et odio doloremque ducimus unde quidem. Fugit labore earum aliquam quos explicabo.','Vero alias praesentium quo vel. Placeat dignissimos dolores error aperiam ad quo ab ut.','2020-03-30 08:35:47',NULL,NULL),(29,17,5,'Synchronised interactive initiative','Maiores sit eligendi eum minima repudiandae excepturi expedita. Quo adipisci vitae optio veritatis quia voluptate quis. Nulla ullam eius reprehenderit consequatur quaerat. In eum dolores iusto soluta aliquam. Possimus sit consequatur voluptates cumque. Sunt inventore eos aut est.','Marché Nationale et Export','Private Sector Executive',73702,'Eveniet veritatis ut aliquid quae voluptate. Sequi illum impedit id. Accusantium autem eius tempore dicta suscipit.',5311,'tonnes','trimestre',962902,212,1259366,'[{\"strengths\": \"Rerum veniam quia quia maiores est vitae. Natus aut rerum corporis eos.\"}, {\"strengths\": \"Culpa magni labore molestiae nam. Neque voluptas aperiam suscipit sapiente ut illo voluptas et.\"}]','[{\"weaknesses\": \"Tempore dolor non sint consectetur vero. Ipsa reiciendis enim facere.\"}, {\"weaknesses\": \"Earum at eius et sit. Ipsa aut eos soluta ullam. Quo a maiores illo saepe numquam nemo.\"}, {\"weaknesses\": \"Quidem accusamus voluptatem hic rerum eos amet. Reprehenderit nam repellat et molestias.\"}, {\"weaknesses\": \"Possimus sed est ut est. Quaerat qui aut est nulla rerum. Voluptates distinctio enim ab omnis.\"}]','[{\"label\": \"sapiente\", \"value\": 82409}, {\"label\": \"dolore\", \"value\": 24599}]','[{\"label\": \"assumenda\", \"value\": 45167}]','Nobis vero adipisci maxime laudantium et explicabo ut voluptates. Et non aut reiciendis quis porro.','Sint facilis id quia nesciunt alias quia. Occaecati totam porro delectus eos.','2020-03-30 08:35:47',NULL,NULL),(30,14,10,'Stand-alone disintermediate contingency','Corporis ut aut provident quisquam dicta. Consequuntur magni non ullam eaque est dolorem autem. Sed fuga quia id in. Beatae quia aperiam soluta. Tempora voluptatem dicta voluptas aut. Delectus vel nihil asperiores. Cupiditate ut odit perspiciatis.','Marché Nationale et Export','Lathe Operator',63028,'Consequuntur totam inventore laborum ea distinctio. Explicabo aut rerum ea minima molestias rerum fugiat. Ea iusto dolor itaque ea velit. Aperiam mollitia modi quas molestiae temporibus libero.',82066,'Kg','trimestre',1184175,172,1783086,'[{\"strengths\": \"Ut qui voluptatibus facilis quaerat. Quaerat et pariatur iusto quis.\"}]','[{\"weaknesses\": \"Rerum et culpa unde. Et neque eum quia et.\"}, {\"weaknesses\": \"Doloribus quos aut voluptate. Itaque qui maiores neque dignissimos eos et et temporibus.\"}, {\"weaknesses\": \"Sed quod corrupti amet consequatur officia vitae autem. Eos consequatur rem et et aut ex est.\"}]','[{\"label\": \"assumenda\", \"value\": 77582}]','[{\"label\": \"cupiditate\", \"value\": 52808}, {\"label\": \"necessitatibus\", \"value\": 887}, {\"label\": \"provident\", \"value\": 58558}, {\"label\": \"ducimus\", \"value\": 38241}, {\"label\": \"laboriosam\", \"value\": 7572}]','Aliquam et et et omnis. Recusandae magni at qui cupiditate commodi rem. Vel repellat est excepturi.','Totam voluptatem quasi assumenda fugiat quam. Quia atque minus mollitia ut at quia.','2020-03-30 08:35:47',NULL,NULL),(31,12,9,'Phased object-oriented analyzer','Quis mollitia quia molestias repellendus. Laboriosam nihil distinctio pariatur culpa consequatur maiores veniam. Nihil sunt numquam nisi dolorem dignissimos impedit dolor. Iusto porro sit et officia. Nulla est voluptatibus velit. Maxime qui et ea aliquam ea consequuntur est omnis. Et sed et a.','Marché International','Movie Director oR Theatre Director',67693,'Placeat culpa sed reprehenderit et facilis. Hic sunt vel error dicta dolorem ipsa. Modi et asperiores perferendis nesciunt. Aspernatur at quasi rem hic incidunt.',15815,'tonnes','trimestre',1379955,575,1932675,'[{\"strengths\": \"Perferendis dolor et impedit dolorem et. Fuga ipsa aspernatur quo.\"}]','[{\"weaknesses\": \"Quia voluptate odio hic veniam et ad et. Sequi est a ut.\"}]','[{\"label\": \"ipsum\", \"value\": 56006}]','[{\"label\": \"non\", \"value\": 51463}, {\"label\": \"quo\", \"value\": 48854}]','Vel a quis amet laborum. Aspernatur harum unde fugit saepe quo.','Architecto iure quasi itaque alias velit iure. Accusamus culpa nisi et et.','2020-03-30 08:35:47',NULL,NULL),(32,12,10,'Decentralized tangible functionalities','Ducimus non voluptatem repellat asperiores rem voluptate. Provident accusamus magnam est. Reprehenderit fugit qui repellat maxime qui. Reiciendis rerum ratione eum ullam. Quia nam ut eveniet voluptate.','Marché Nationale et Export','Electrical Engineering Technician',65791,'Quia numquam rerum maxime nobis. Laboriosam aliquid totam ratione quibusdam sed totam.',27255,'unités','trimestre',1276770,878,1954247,'[{\"strengths\": \"A non quia aut ut placeat. Unde suscipit aut pariatur cum minus totam. Id aut delectus labore a.\"}, {\"strengths\": \"Qui rerum sunt sint cupiditate vitae voluptas. Excepturi ipsam error quidem voluptatibus.\"}, {\"strengths\": \"Dolore amet minima vel est odit cupiditate. Odio sint aut ducimus porro.\"}, {\"strengths\": \"Odit a voluptas at. Animi occaecati et debitis et quis fuga. Illo adipisci enim nulla aut velit.\"}]','[{\"weaknesses\": \"Dolor optio esse cupiditate quos et aliquam quo non. Cupiditate tempora quo aut. Odit natus ea ex.\"}, {\"weaknesses\": \"Dolorem sint distinctio perferendis nobis. Non ut incidunt et. Praesentium et voluptates ex.\"}]','[{\"label\": \"ipsam\", \"value\": 70176}, {\"label\": \"modi\", \"value\": 78106}]','[{\"label\": \"impedit\", \"value\": 82311}, {\"label\": \"neque\", \"value\": 57995}]','Veritatis reiciendis et dolorem at aut et. Enim dolorum ducimus ut eum voluptatum.','Molestias assumenda corporis est. Corrupti quia autem ut odio qui. Porro tempore architecto ea.','2020-03-30 08:35:47',NULL,NULL),(33,14,5,'Compatible logistical adapter','Qui consequatur quia cupiditate corporis qui. Atque suscipit consectetur non debitis pariatur. Veniam voluptas esse qui eveniet nemo et architecto quia. Libero autem iure qui omnis. Iste ut omnis beatae soluta.','Marché Nationale','Optical Instrument Assembler',24387,'Ad vitae earum et esse est qui. Voluptatem tenetur aspernatur itaque velit atque eum. Omnis quos reiciendis ea cum error. Sapiente qui laboriosam expedita a.',89478,'unités','trimestre',1549101,645,1535000,'[{\"strengths\": \"Sapiente sed ex quas nesciunt saepe. Quia voluptas at et fugiat. Autem hic debitis inventore.\"}]','[{\"weaknesses\": \"Quae eaque et sunt voluptas. Est illum rerum enim vitae. Quis dolorem nobis aut eius maiores.\"}, {\"weaknesses\": \"Quisquam reprehenderit voluptas ullam repellendus ut. Dolore eos aut est quia mollitia fugiat.\"}]','[{\"label\": \"aut\", \"value\": 14529}, {\"label\": \"veritatis\", \"value\": 66947}, {\"label\": \"est\", \"value\": 1050}, {\"label\": \"ut\", \"value\": 58846}]','[{\"label\": \"quidem\", \"value\": 21286}, {\"label\": \"rerum\", \"value\": 42707}]','Quidem et maxime quae voluptas dolorum autem. Exercitationem aliquid et magnam sint dolores.','Tenetur nihil ex velit qui optio odio. Et dolor quia amet et amet. Voluptatem at sunt a qui.','2020-03-30 08:35:47',NULL,NULL),(34,18,13,'Right-sized optimal service-desk','Rerum est eum maxime sunt. Vitae totam iure doloribus autem. Adipisci laborum nulla sit rem. Consequuntur voluptatibus amet animi qui saepe minima nostrum.','Marché Nationale et Export','Umpire and Referee',22284,'Sit perspiciatis necessitatibus qui porro. Nesciunt atque facilis id ut sed. Et recusandae omnis inventore perferendis voluptatem. Et praesentium aut earum animi.',53453,'Kg','an',1115862,703,889006,'[{\"strengths\": \"Rerum vitae quis occaecati perspiciatis id reiciendis et. Debitis ratione autem iusto quod iste.\"}]','[{\"weaknesses\": \"Ut sit atque repudiandae delectus possimus explicabo ut. Pariatur maiores dolor illo eos ut.\"}, {\"weaknesses\": \"Deleniti et consequuntur qui. Voluptates vel quaerat similique. Omnis expedita rerum ex nisi magni.\"}]','[{\"label\": \"pariatur\", \"value\": 13888}, {\"label\": \"repellat\", \"value\": 52020}, {\"label\": \"laudantium\", \"value\": 24019}, {\"label\": \"porro\", \"value\": 26260}]','[{\"label\": \"veritatis\", \"value\": 8929}, {\"label\": \"enim\", \"value\": 67709}, {\"label\": \"eum\", \"value\": 31336}, {\"label\": \"aut\", \"value\": 9766}, {\"label\": \"laborum\", \"value\": 24453}, {\"label\": \"quo\", \"value\": 88509}]','Et sed consectetur nobis. Impedit quos adipisci animi harum quia sit. Ullam ea et nulla.','Consectetur aspernatur officiis quia sed. Necessitatibus vel odit in et numquam tenetur.','2020-03-30 08:35:47',NULL,NULL),(35,14,5,'Reactive needs-based contingency','Qui inventore id facilis ut vero expedita deleniti. Dignissimos qui quae nesciunt enim rem officia voluptates. Quis non possimus ad eligendi asperiores. Consequatur necessitatibus nulla modi et soluta. Reprehenderit odio est enim aperiam dolorem explicabo.','Marché Nationale','Internist',65255,'Qui aut laboriosam illum dicta. Et facere ducimus rem qui sed et dolores quia. Dolore eveniet ut iure nihil.',54823,'unités','trimestre',1099725,393,628909,'[{\"strengths\": \"Porro officia optio veritatis incidunt eos mollitia. Qui aut dolore eos.\"}, {\"strengths\": \"Soluta quae nesciunt ex corporis. Laborum consequatur doloremque et et ut consequatur sequi.\"}, {\"strengths\": \"Ab laborum cum qui recusandae. Impedit odit aut dolor ut. Voluptates eaque et esse.\"}, {\"strengths\": \"Vero earum tenetur eveniet autem beatae. Sunt optio suscipit sint cum. Nam beatae enim ut.\"}]','[{\"weaknesses\": \"Repellendus molestias assumenda nobis id esse aut. Et ut fugit qui eligendi sed ullam non.\"}, {\"weaknesses\": \"Ad voluptas dolores quia asperiores. Explicabo quis quibusdam aliquid quos qui id voluptas sequi.\"}, {\"weaknesses\": \"Explicabo mollitia ut vel commodi nisi. Delectus beatae dolorem harum aspernatur fugit.\"}, {\"weaknesses\": \"Sit aut et reprehenderit. Assumenda quia nostrum ut quae nihil dolorum. Ut illum ut non beatae.\"}]','[{\"label\": \"maiores\", \"value\": 68548}, {\"label\": \"molestias\", \"value\": 72001}]','[{\"label\": \"necessitatibus\", \"value\": 56243}, {\"label\": \"error\", \"value\": 57469}, {\"label\": \"quia\", \"value\": 35879}, {\"label\": \"rerum\", \"value\": 85090}, {\"label\": \"quibusdam\", \"value\": 33548}, {\"label\": \"facere\", \"value\": 80508}]','Ipsum quas tempora odit tenetur quis et. Aut laborum quo omnis eos.','Tempore sunt ab fugit. Doloremque et aperiam et rem. Excepturi alias asperiores eveniet occaecati.','2020-03-30 08:35:47',NULL,NULL),(36,18,5,'Total actuating definition','Ut mollitia est adipisci vel voluptatibus dolorem qui. Recusandae eveniet occaecati repellendus. Nemo odio et provident illo esse aut aut eligendi.','Marché Nationale et Export','Travel Agent',14022,'Fugiat quisquam enim numquam earum. Expedita impedit in deserunt veritatis. Quam laudantium aut eos. Qui tempora quia ratione consequuntur. Expedita ipsa sit cumque fugit dignissimos aperiam ex.',15093,'unités','trimestre',1114159,357,1825510,'[{\"strengths\": \"Vitae dolores atque ex. Libero distinctio est aspernatur quaerat. Sit beatae beatae sint unde.\"}]','[{\"weaknesses\": \"Totam rerum inventore non adipisci cumque dignissimos nobis. Est illum sed enim est et.\"}, {\"weaknesses\": \"Est sunt veniam iusto debitis. Sit et amet quae molestias. Voluptate distinctio in et nemo.\"}, {\"weaknesses\": \"Eum sequi cumque cumque. Culpa adipisci magnam porro nam repellat.\"}]','[{\"label\": \"voluptatum\", \"value\": 27889}, {\"label\": \"natus\", \"value\": 86765}, {\"label\": \"enim\", \"value\": 80885}]','[{\"label\": \"recusandae\", \"value\": 55668}, {\"label\": \"a\", \"value\": 46363}, {\"label\": \"neque\", \"value\": 4470}, {\"label\": \"perspiciatis\", \"value\": 47011}, {\"label\": \"odit\", \"value\": 12075}, {\"label\": \"in\", \"value\": 18610}]','Nihil ut cum corporis non aperiam. Laudantium ratione aut enim aliquid inventore dolores ex sit.','Ipsa enim tempora nisi sit rem ut deleniti facilis. Nihil non a vero amet et.','2020-03-30 08:35:47',NULL,NULL),(37,14,10,'Diverse systematic blockchain','Ducimus quidem illo assumenda sit sed. Fuga est quidem explicabo nesciunt voluptatibus beatae cupiditate quos. Asperiores omnis tempora nulla aut saepe sunt necessitatibus. Id eos soluta expedita voluptatibus omnis et voluptatem. Ducimus omnis et quas temporibus vel dolorem.','Marché International','Postal Service Mail Sorter',31923,'Cum tempore cum aut sint dignissimos vitae et sit. Odio pariatur mollitia doloribus et aut pariatur. Autem cupiditate dolores quae est tempore occaecati. Qui dolores quo vitae nisi porro nihil.',44740,'tonnes','mois',1090118,868,1345884,'[{\"strengths\": \"Ut assumenda quia tenetur quos aut sit sequi. Commodi non iste placeat officiis autem.\"}, {\"strengths\": \"Vero accusamus fuga natus hic. Hic consequatur laborum recusandae in. At eum omnis impedit odio.\"}]','[{\"weaknesses\": \"Praesentium nemo similique aut repudiandae quod nulla. Ut in iusto qui corrupti fugiat porro ut.\"}, {\"weaknesses\": \"Ea ut possimus sit sint saepe et similique. Minima nam magnam harum.\"}]','[{\"label\": \"asperiores\", \"value\": 81738}, {\"label\": \"ut\", \"value\": 37436}, {\"label\": \"deleniti\", \"value\": 21696}]','[{\"label\": \"sint\", \"value\": 33456}]','Qui vel qui temporibus eos. Laudantium sed odio quisquam harum rerum sequi.','Neque est quas et. Consequatur et non laborum maxime quo. Quae iusto doloribus esse est et.','2020-03-30 08:35:47',NULL,NULL),(38,14,9,'Fully-configurable grid-enabled infrastructure','Aut voluptatem eos nostrum voluptatem non quia. Sit et suscipit enim eaque molestiae. Praesentium sit ratione nihil quod eveniet vel voluptatem. Aperiam qui magnam vel sunt veritatis qui. Sunt esse consequatur quae ex consequatur. Ut ipsum aut repellendus ut sapiente. Aut ut cum quas tempora.','Marché International','Medical Appliance Technician',81666,'Ut et autem hic voluptatem nemo autem quod. Saepe esse ullam est cum vel unde explicabo. Illum ipsum odio similique error cum.',21386,'tonnes','an',1591047,758,953476,'[{\"strengths\": \"Facere atque labore laudantium saepe. Velit ut quos voluptas et officia et.\"}]','[]','[{\"label\": \"dolorum\", \"value\": 8722}, {\"label\": \"et\", \"value\": 32682}]','[{\"label\": \"aut\", \"value\": 71547}, {\"label\": \"ea\", \"value\": 7712}, {\"label\": \"rem\", \"value\": 59998}, {\"label\": \"quaerat\", \"value\": 73773}, {\"label\": \"quia\", \"value\": 59795}, {\"label\": \"quod\", \"value\": 61366}]','Omnis quo nemo quod. Aut eius magni ullam. Ipsam aut natus et reprehenderit.','Qui saepe cupiditate itaque cupiditate. Nisi officiis excepturi praesentium vero nisi.','2020-03-30 08:35:47',NULL,NULL),(39,13,9,'Optional content-based superstructure','Aut vitae a eum magnam. Quis eveniet natus nesciunt saepe qui voluptatem. Dolores explicabo assumenda nobis quia delectus sunt. Doloremque consequatur quia ullam esse.','Marché International','Manager of Air Crew',58684,'Dignissimos eos vitae tempora tempora sit. Est voluptates qui et voluptatem. Molestias omnis et nostrum qui.',13189,'litres','mois',1769380,342,772157,'[{\"strengths\": \"Nisi accusantium similique repudiandae et ab. Iure dicta commodi velit. Ab minus numquam a nostrum.\"}]','[{\"weaknesses\": \"Veniam libero blanditiis quasi dolorum. Et sed et reprehenderit aut labore possimus vitae debitis.\"}, {\"weaknesses\": \"Alias id provident saepe rerum. Repellat aut quae qui et. Et qui modi repellendus.\"}, {\"weaknesses\": \"Aspernatur minima esse quasi magnam vel numquam et. Quaerat nostrum pariatur ut eos corrupti.\"}, {\"weaknesses\": \"Fuga earum dolorum nulla. Earum animi animi quia non. Nesciunt non et deleniti. Et enim in quas et.\"}]','[{\"label\": \"nulla\", \"value\": 29698}, {\"label\": \"minus\", \"value\": 71628}]','[{\"label\": \"in\", \"value\": 81880}, {\"label\": \"sed\", \"value\": 24829}, {\"label\": \"molestiae\", \"value\": 35077}, {\"label\": \"molestiae\", \"value\": 59347}, {\"label\": \"cupiditate\", \"value\": 31486}]','Iure alias nobis dolores dolor porro. Sapiente quisquam maiores quo omnis.','Deserunt voluptas quaerat voluptas qui in ullam. Maxime ad excepturi delectus.','2020-03-30 08:35:47',NULL,NULL),(40,17,9,'Cloned modular implementation','Dolor ab quia aut itaque. Possimus fugiat fugiat minima perferendis libero ut laboriosam. Voluptate magni veniam ullam et amet. Quibusdam ut et nisi in id. Vitae est repellat vel laboriosam. Quia ducimus distinctio qui et. Dolor rerum alias harum voluptates dolorem asperiores alias.','Marché Nationale','Laundry OR Dry-Cleaning Worker',28658,'Qui officia eum consequatur. Mollitia ipsa fugiat molestias. Qui optio voluptatem et. Ullam quia expedita nesciunt. Hic perspiciatis aut repellendus sequi et recusandae aut.',41501,'tonnes','mois',1556633,596,147795,'[{\"strengths\": \"Fugiat minima unde facilis voluptas in reiciendis. Earum accusantium quis illo fuga et consequatur.\"}, {\"strengths\": \"Dicta veniam rerum aut in sit sit. Id molestiae maxime qui.\"}]','[{\"weaknesses\": \"Autem nihil et qui dolorem. Autem quia eligendi eum labore. Et non ea qui et.\"}, {\"weaknesses\": \"Corporis eum optio nostrum alias. Sed perspiciatis id eum rem dolores.\"}]','[{\"label\": \"quis\", \"value\": 42772}, {\"label\": \"consequuntur\", \"value\": 37104}, {\"label\": \"accusamus\", \"value\": 66839}]','[{\"label\": \"a\", \"value\": 11667}, {\"label\": \"dolorem\", \"value\": 73358}, {\"label\": \"eum\", \"value\": 60105}, {\"label\": \"dolores\", \"value\": 50403}, {\"label\": \"ea\", \"value\": 68653}]','Iure qui quaerat doloremque eum voluptatem doloremque dicta. Eveniet voluptate totam ipsam.','Nobis quaerat accusantium nemo perspiciatis eos id sit. Voluptatum officia ipsum animi.','2020-03-30 08:35:47',NULL,NULL),(41,14,9,'Progressive well-modulated approach','Voluptate doloremque harum exercitationem eum. Expedita voluptate totam accusamus id dolorem explicabo. Nulla iusto et aut saepe alias enim. Vel rerum distinctio modi est ipsam et.','Marché Nationale et Export','Sawing Machine Setter',24980,'At id perspiciatis assumenda nam quidem et animi. Ut sunt odio maiores.',41594,'Kg','an',920704,838,1009451,'[{\"strengths\": \"Dolorem voluptatem rerum quod sit quo quo. Doloremque nihil quasi iure. Et qui dolores omnis.\"}, {\"strengths\": \"Quo ea sint nam eaque et ex et. Itaque quod similique sunt.\"}]','[]','[]','[{\"label\": \"atque\", \"value\": 16529}, {\"label\": \"tempore\", \"value\": 40898}, {\"label\": \"itaque\", \"value\": 61933}]','Modi quia quis culpa unde architecto quia. Quo sit commodi unde minima.','Distinctio provident enim qui dolorem. Est aliquam repellat sed veritatis.','2020-03-30 08:35:47',NULL,NULL),(42,13,5,'Front-line tertiary portal','Nulla aliquam molestiae debitis sunt voluptatum facere. Ipsa cumque laudantium rerum dolores ipsa praesentium. Eius aut numquam neque velit. Aliquid rerum possimus laboriosam dolorem ducimus aut reiciendis.','Marché Nationale','Photoengraver',44630,'Est eum explicabo neque laudantium vitae. Iste porro ut aut fugiat fugit hic enim. Molestias aperiam natus ipsum officia vel. Velit autem quas maiores voluptatem natus voluptas accusamus.',86285,'litres','trimestre',574363,387,792802,'[{\"strengths\": \"Beatae impedit veniam voluptates et. Ut consequatur sit pariatur laboriosam ipsum doloribus.\"}, {\"strengths\": \"Rem nisi autem vel omnis autem. Qui alias laborum et temporibus consequuntur sit quod totam.\"}]','[{\"weaknesses\": \"Ullam repellat aut maxime eum atque. Eligendi ut dolorem possimus est velit.\"}]','[]','[{\"label\": \"et\", \"value\": 23174}, {\"label\": \"ut\", \"value\": 78653}, {\"label\": \"expedita\", \"value\": 58878}, {\"label\": \"consequatur\", \"value\": 20124}, {\"label\": \"illo\", \"value\": 76115}]','Asperiores dolores aut alias aliquid. Et ipsum ut aliquid aut veniam voluptas.','Repudiandae non iure quibusdam cupiditate quos voluptates nesciunt. Provident omnis labore ut.','2020-03-30 08:35:47',NULL,NULL),(43,14,5,'Vision-oriented multimedia securedline','Modi nobis qui omnis ducimus doloribus at non. Et exercitationem autem ut eaque libero fugiat. Placeat ut molestias alias non iste. Quia voluptas rerum eum suscipit amet esse et. Ratione dolores minus eos ut ea. Dolores nam occaecati at adipisci labore.','Marché International','Database Administrator',83476,'Qui doloremque fugiat atque autem earum eos. Expedita est qui voluptas sit ab vel et.',17845,'litres','trimestre',987952,763,848977,'[{\"strengths\": \"Sapiente aut iure rerum. Nesciunt ratione libero incidunt aut vitae.\"}, {\"strengths\": \"Veritatis qui qui facere. Ea excepturi id occaecati iure beatae. Aut nihil quod repellat corporis.\"}, {\"strengths\": \"Tempore provident saepe quia debitis sunt voluptas qui. Enim enim ut officiis aut repudiandae.\"}, {\"strengths\": \"Omnis illo magni cupiditate odio consequatur rem. Et sint dicta ad harum rerum autem.\"}]','[{\"weaknesses\": \"Et tempore vel praesentium saepe. Doloribus fuga id rerum. Vitae facilis maxime repudiandae.\"}, {\"weaknesses\": \"Nemo quia velit culpa voluptas ut aut blanditiis. Assumenda exercitationem est pariatur maiores.\"}]','[{\"label\": \"a\", \"value\": 28845}, {\"label\": \"molestiae\", \"value\": 63696}]','[{\"label\": \"repudiandae\", \"value\": 15706}, {\"label\": \"tenetur\", \"value\": 79899}]','Hic omnis nam et inventore nulla praesentium consequatur. Vel autem ad sunt.','Placeat ut aut iure quis. Cum voluptatum sed aliquid animi. Culpa quas eligendi dolor et nihil.','2020-03-30 08:35:47',NULL,NULL),(44,17,5,'Centralized tertiary policy','Aut quis fuga autem alias. Repellat velit nobis libero magnam aut laborum ut. Commodi incidunt nostrum qui possimus. Et voluptatem excepturi omnis aut aut quae voluptas. Non labore aut molestiae voluptas sed molestiae.','Marché International','Building Inspector',39897,'Ut dolorem inventore provident ipsa atque sunt. Eveniet sed reprehenderit aliquid velit officia sint. Aut cum quos voluptatum omnis ut voluptatem. Fuga illo et sequi quae sit et impedit.',78125,'Kg','trimestre',1362606,493,495723,'[{\"strengths\": \"Sit earum modi qui expedita. Fugit cum et et rerum aut quis facere consequatur.\"}]','[{\"weaknesses\": \"Eos voluptas quia beatae quam provident atque. Sunt odio voluptatem suscipit cupiditate esse.\"}]','[{\"label\": \"cum\", \"value\": 42906}]','[{\"label\": \"distinctio\", \"value\": 83211}, {\"label\": \"deleniti\", \"value\": 68067}, {\"label\": \"quo\", \"value\": 1466}, {\"label\": \"adipisci\", \"value\": 743}, {\"label\": \"expedita\", \"value\": 6175}]','Ducimus quam reiciendis molestias tempore autem illo at. In ipsa magni quia iure dolores sunt.','Qui facere et quae aliquid quo iure maiores. Fugiat vel saepe est est. Et vero nostrum enim.','2020-03-30 08:35:47',NULL,NULL),(45,13,13,'Innovative eco-centric initiative','Eum qui tenetur mollitia. Excepturi ipsam quod provident eaque. Iste occaecati ratione sit assumenda quidem. Reiciendis eos quis autem autem ipsa ut aut. Sit similique sint error porro vel assumenda consequuntur aut. Voluptas voluptatem ut at quasi porro harum eius.','Marché Nationale et Export','Maintenance Worker',54042,'Sequi beatae accusamus et dolores. Mollitia qui voluptatibus omnis fuga reiciendis iure qui. Sed libero consequuntur recusandae ad praesentium optio nesciunt dolor.',59074,'litres','an',1037664,84,1747663,'[{\"strengths\": \"Vel enim enim nemo optio eum sunt. Aut qui facilis blanditiis et sapiente vel.\"}, {\"strengths\": \"Quidem fuga magni et nulla. Quis rerum sunt fugiat ad voluptas officia.\"}]','[{\"weaknesses\": \"Blanditiis odit eius alias dolores aut. Odio laudantium laudantium a.\"}]','[{\"label\": \"facilis\", \"value\": 47729}, {\"label\": \"velit\", \"value\": 10806}, {\"label\": \"vel\", \"value\": 77961}]','[]','A quisquam perspiciatis ut aut ipsam. Voluptas est voluptatibus qui quibusdam veniam vitae non.','Voluptatum in est animi aut amet sit. Velit omnis voluptates quo et.','2020-03-30 08:35:47',NULL,NULL),(46,14,10,'Secured maximized support','Reiciendis vitae non suscipit sit dolorem. Eos reprehenderit sit ipsam. Sint ut debitis delectus dolore maxime. Porro omnis reprehenderit tempore. Sint enim provident dolores recusandae. Harum earum rerum temporibus animi exercitationem. Veritatis fuga magni dolorum doloribus inventore incidunt.','Marché International','Financial Examiner',77231,'Accusamus dignissimos autem sed consequatur dolorum. Quis et voluptas non aut fuga perferendis dolor voluptate. Id qui facere consequatur modi eum omnis.',34846,'Kg','an',1956245,299,898010,'[{\"strengths\": \"Quibusdam ut quis quis vel porro odit. Molestias voluptatem ullam debitis quaerat sit laudantium.\"}, {\"strengths\": \"Iste autem ut est harum mollitia impedit. Cupiditate veniam maxime recusandae vitae.\"}, {\"strengths\": \"Sed accusamus qui aut omnis. Rerum harum quo cum facere nemo officiis at.\"}, {\"strengths\": \"Quae sint velit magni iste suscipit. Tempore et maiores ratione dolorem. Ea est non nisi accusamus.\"}]','[{\"weaknesses\": \"Quia rerum saepe error dolorem. Enim facere beatae aliquam atque consequatur.\"}]','[{\"label\": \"magni\", \"value\": 5941}, {\"label\": \"iure\", \"value\": 29783}]','[{\"label\": \"iste\", \"value\": 65741}]','Quis voluptatem qui nulla pariatur ipsa. Placeat sint debitis doloribus veniam non.','Quasi eum quibusdam quo mollitia. Ducimus ipsam et corporis. Deserunt est in ad similique dolor.','2020-03-30 08:35:47',NULL,NULL),(47,14,5,'Inverse modular opensystem','Cum iusto facilis quidem alias nihil quia harum. Et atque aut ducimus. Voluptates sit sapiente perspiciatis sit omnis. Inventore neque itaque cumque modi. Ullam sit non consequatur animi tempore. Quos eum perferendis ullam omnis.','Marché Nationale','Construction Driller',30017,'Et ut ullam eos eaque amet porro qui. Iste velit sint mollitia odit vero mollitia aut. Optio magni ducimus sint omnis labore aut.',53825,'tonnes','trimestre',629775,676,1603933,'[{\"strengths\": \"Error dolorem dolor possimus amet et exercitationem odit. Dolorem quas sit nulla corrupti.\"}]','[{\"weaknesses\": \"Necessitatibus odit dolor perferendis dolorum. Dolorem fugit voluptatem autem impedit.\"}, {\"weaknesses\": \"Non eum dolores quisquam. Repellendus consequatur asperiores praesentium mollitia iusto.\"}]','[{\"label\": \"recusandae\", \"value\": 69091}, {\"label\": \"sed\", \"value\": 5921}, {\"label\": \"necessitatibus\", \"value\": 70326}, {\"label\": \"rem\", \"value\": 78940}]','[{\"label\": \"ut\", \"value\": 69875}, {\"label\": \"quis\", \"value\": 59354}, {\"label\": \"assumenda\", \"value\": 65635}, {\"label\": \"consequatur\", \"value\": 65967}, {\"label\": \"dolorem\", \"value\": 9510}, {\"label\": \"rerum\", \"value\": 33158}]','Maxime omnis ratione quos illo tenetur. Iste quia saepe magni consequatur autem pariatur.','Dolor rerum rerum rerum nemo pariatur eveniet nisi. Delectus voluptatem et modi.','2020-03-30 08:35:47',NULL,NULL),(48,12,5,'Operative bifurcated instructionset','Enim voluptatem tenetur sit. Qui suscipit vitae in facere non pariatur magni praesentium. Odio nam omnis sit voluptatem vero. Unde neque qui sapiente.','Marché Nationale et Export','Police Detective',26022,'Modi qui itaque iure nostrum consequatur quaerat mollitia suscipit. Consequuntur quaerat dolore doloribus. Et consequuntur et quo ipsa aut.',87566,'unités','mois',809798,254,1036135,'[{\"strengths\": \"Libero quam ab ut quia eos et eligendi. Perspiciatis totam ad adipisci ut explicabo.\"}]','[]','[{\"label\": \"unde\", \"value\": 75940}]','[{\"label\": \"deleniti\", \"value\": 15633}, {\"label\": \"fuga\", \"value\": 3759}]','Rerum possimus debitis dolorem. Nihil occaecati rem fugiat quasi. Quia est fugiat veritatis modi.','Quibusdam dolores sed explicabo labore. Dolores suscipit officia iusto optio minus.','2020-03-30 08:35:47',NULL,NULL),(49,17,9,'Extended object-oriented architecture','Sunt fugit mollitia qui qui aspernatur. Maiores facere saepe nesciunt est dolorum quia. Voluptate ipsam id minima consequuntur doloribus. Itaque modi error qui consequatur eligendi ducimus. Quae dolor omnis commodi qui incidunt. Possimus soluta qui iure nobis ea id.','Marché Nationale','Receptionist and Information Clerk',47416,'Sed corporis ex perspiciatis dicta soluta. Cumque qui tempora adipisci quos. Suscipit sunt corrupti molestiae voluptates voluptate.',65732,'tonnes','an',1061611,740,1182891,'[{\"strengths\": \"Nobis et temporibus culpa iste eum. Laudantium provident molestiae nihil veritatis est.\"}, {\"strengths\": \"Consectetur non eos rerum rerum voluptatum saepe. Hic veniam neque quas nihil officia magnam ea.\"}, {\"strengths\": \"Ad earum tenetur exercitationem qui. Et eum culpa ex sunt facere.\"}]','[{\"weaknesses\": \"Facilis molestias et et. Quis et omnis temporibus.\"}]','[{\"label\": \"possimus\", \"value\": 86535}, {\"label\": \"ratione\", \"value\": 44554}]','[{\"label\": \"iste\", \"value\": 74389}, {\"label\": \"vitae\", \"value\": 21757}, {\"label\": \"architecto\", \"value\": 42867}, {\"label\": \"tenetur\", \"value\": 62198}, {\"label\": \"aliquam\", \"value\": 87660}]','Voluptatem assumenda quia iusto non. Molestiae officiis possimus exercitationem.','Voluptatem sunt possimus facere eum cupiditate odit ut. Enim doloremque reiciendis omnis hic.','2020-03-30 08:35:47',NULL,NULL),(50,17,10,'Horizontal motivating moderator','Animi iste qui voluptas. Et aperiam qui similique soluta et quo voluptatum repellat. Est culpa aliquid reiciendis impedit eum error qui dolorum.','Marché Nationale','Occupational Therapist Assistant',2743,'Similique necessitatibus sint modi. Quaerat harum ullam eius cum accusamus rem et. Aut perferendis eos ut. Et et vero repellendus fuga unde. Sed facere aliquam similique. Non dolorem magni ab.',89146,'Kg','trimestre',913849,165,968436,'[{\"strengths\": \"Velit qui repellat commodi. Dolorem excepturi totam magni vitae error fugiat assumenda.\"}, {\"strengths\": \"Ducimus reiciendis voluptate eum at. Qui officiis est qui mollitia et non quae aliquid.\"}]','[{\"weaknesses\": \"Sed minus dolore vel. Ut provident illum libero nihil sunt corrupti.\"}, {\"weaknesses\": \"Voluptas tempora atque nemo consectetur. Dolor quas inventore unde qui enim.\"}, {\"weaknesses\": \"Quis ducimus ipsa et nobis. Qui illo quam consequatur corrupti eveniet est.\"}]','[{\"label\": \"enim\", \"value\": 58886}]','[{\"label\": \"repudiandae\", \"value\": 27668}, {\"label\": \"repudiandae\", \"value\": 87510}, {\"label\": \"qui\", \"value\": 74708}, {\"label\": \"ea\", \"value\": 51575}, {\"label\": \"similique\", \"value\": 6481}, {\"label\": \"quaerat\", \"value\": 83548}]','Nesciunt veniam quia sunt. Accusamus maxime hic unde quo non. Quis atque aut magni repellat.','Autem molestiae blanditiis neque sit. Aut ipsum beatae reprehenderit harum.','2020-03-30 08:35:47',NULL,NULL),(51,18,5,'Digitized tertiary installation','Facilis molestiae blanditiis voluptatem tempora consequatur. Ut aperiam veniam quibusdam autem quasi. Accusamus dolore exercitationem sapiente blanditiis cum suscipit saepe. Ratione aut in qui. Repellat in dolore eos. Non impedit dolor asperiores. Assumenda non consequatur tempore eum quisquam.','Marché Nationale et Export','Pile-Driver Operator',18230,'Corrupti minima vitae veniam cupiditate. Occaecati aut dicta culpa iste officia. Occaecati vel consequatur delectus vel debitis reiciendis.',78357,'unités','mois',1669637,749,1174979,'[{\"strengths\": \"Voluptas et nisi ad id quia dignissimos. Ut suscipit atque ullam.\"}, {\"strengths\": \"Harum ut molestiae quisquam molestiae. Et atque sint facere amet veritatis voluptas perferendis.\"}, {\"strengths\": \"Libero aliquam ratione temporibus consequatur. Voluptates eveniet dicta expedita et dolore ut.\"}, {\"strengths\": \"Consequatur eum quia delectus ad esse inventore est. Ducimus voluptatem optio nihil quia dolores.\"}]','[{\"weaknesses\": \"Accusamus eum optio tempore et dignissimos dolores quis aperiam. Unde nobis incidunt enim.\"}, {\"weaknesses\": \"Est non veritatis et vitae amet commodi debitis. Natus maxime voluptas quas eligendi.\"}, {\"weaknesses\": \"Quia et qui mollitia facilis qui possimus. Illo dicta dolor voluptas. Optio impedit aliquam labore.\"}]','[{\"label\": \"adipisci\", \"value\": 36666}]','[{\"label\": \"enim\", \"value\": 18998}, {\"label\": \"aut\", \"value\": 45439}, {\"label\": \"vel\", \"value\": 18862}]','Sint doloremque est hic quis corrupti fuga tenetur. Odit facere voluptatem odio harum magni nihil.','Fugit at consequatur quia in. Illo rerum sit doloremque.','2020-03-30 08:35:47',NULL,NULL),(52,17,5,'User-friendly dedicated knowledgeuser','Ea tempora nesciunt voluptatem officia. Est similique natus corporis neque ipsa vel nostrum. Et iste voluptas occaecati sunt. Assumenda quaerat animi quam deleniti autem.','Marché Nationale et Export','Cabinetmaker',62595,'Molestias mollitia in aut quibusdam non distinctio. Doloremque voluptates odio ipsa reprehenderit molestias iure mollitia. Sit et velit explicabo nesciunt eius.',8371,'tonnes','mois',1834936,419,785331,'[{\"strengths\": \"Libero exercitationem hic odio. Qui sint sit in quia minus incidunt.\"}]','[{\"weaknesses\": \"Blanditiis et recusandae a rerum officiis. Quos et rerum ipsam. Ut assumenda rerum in.\"}, {\"weaknesses\": \"Architecto quo consectetur id ut perferendis. Labore et odio cum. Nam tenetur vel qui quae facilis.\"}, {\"weaknesses\": \"Nulla consequatur nisi eum eos et voluptatum illum. Quia sequi quibusdam nam autem.\"}, {\"weaknesses\": \"Sint ullam corporis quasi nostrum. A sequi nulla voluptatem quia beatae aut.\"}]','[{\"label\": \"quia\", \"value\": 22984}, {\"label\": \"expedita\", \"value\": 27936}, {\"label\": \"qui\", \"value\": 43962}]','[]','Aut alias eos fugit enim accusantium quos. Harum quia labore saepe minus consectetur.','Modi itaque assumenda ut placeat. Et culpa debitis aut veniam velit ipsa magni.','2020-03-30 08:35:47',NULL,NULL),(53,12,9,'Universal encompassing firmware','Itaque nostrum neque et quia praesentium est non. Et iure sit voluptas sint. Omnis inventore inventore et et at excepturi aliquid. Vel unde aut porro et neque numquam autem.','Marché Nationale','Fishery Worker',2450,'Id error aut recusandae. Quisquam id vel earum a ullam. Ad expedita repudiandae rerum modi dolore delectus repellendus dolores.',70118,'litres','mois',897076,353,143167,'[{\"strengths\": \"Commodi est sit nobis adipisci et architecto perferendis. Veniam repudiandae tenetur et fugit qui.\"}, {\"strengths\": \"Est sed unde suscipit beatae repudiandae deserunt et. Iste iusto similique sit dolor.\"}]','[{\"weaknesses\": \"Hic inventore rerum aut non rem. Facilis aperiam reiciendis aut quo ut.\"}, {\"weaknesses\": \"Fugiat assumenda sit eveniet iste mollitia porro. Voluptas sit facilis et.\"}]','[{\"label\": \"non\", \"value\": 18523}, {\"label\": \"aspernatur\", \"value\": 18255}, {\"label\": \"provident\", \"value\": 26483}, {\"label\": \"necessitatibus\", \"value\": 68589}]','[]','Iure est at iste labore inventore deserunt. Et autem necessitatibus adipisci impedit enim.','Nisi voluptate sit soluta sunt laboriosam fugiat provident. Aspernatur minus iusto et pariatur.','2020-03-30 08:35:47',NULL,NULL),(54,17,10,'Synergized client-server support','Ea distinctio molestias vel et et numquam. Neque fuga reiciendis dolorum aut. Consequatur aspernatur repellendus soluta ratione fuga enim maxime. Voluptas eveniet sunt pariatur in neque. Nihil blanditiis qui impedit quia unde odio. Perspiciatis vel ut aut non perspiciatis ad provident occaecati.','Marché Nationale et Export','Forest and Conservation Technician',29051,'Placeat magni voluptatem facilis. Quae consequuntur at illo est. Facilis voluptas et consectetur. Neque nobis sunt repudiandae error rem.',55259,'litres','mois',889029,241,827017,'[{\"strengths\": \"Iure voluptatem eos et dolores minus molestiae vel. Sint omnis porro labore adipisci illo.\"}, {\"strengths\": \"Est sit et quidem molestias ab. Molestias commodi dicta ex dolorem amet.\"}]','[{\"weaknesses\": \"Excepturi accusamus quod perspiciatis soluta. Omnis voluptates quo quam quis dolorem non.\"}, {\"weaknesses\": \"Voluptatibus ea ut accusantium doloremque. Omnis praesentium architecto voluptas laborum.\"}, {\"weaknesses\": \"Omnis sint sequi error qui et porro. Quas possimus debitis fugiat dolor reprehenderit.\"}]','[{\"label\": \"reprehenderit\", \"value\": 62674}, {\"label\": \"perferendis\", \"value\": 17137}, {\"label\": \"dolorum\", \"value\": 77928}, {\"label\": \"ipsa\", \"value\": 79001}]','[]','Incidunt expedita nostrum magni. Ex itaque iste quis vel natus. Ad eos ducimus tempore quod.','Consequatur ut exercitationem ratione nesciunt. Voluptatem dicta et sunt et est nihil.','2020-03-30 08:35:47',NULL,NULL),(55,13,10,'Adaptive client-driven approach','Iusto sint consequatur repellendus perspiciatis. Sit ducimus et provident. Omnis culpa error quis qui consequuntur ipsa quos qui. Eveniet et id adipisci unde. Illum temporibus adipisci fugit est. Ipsum debitis dolore hic eum harum ut. Quos illo perferendis aut neque aut ea quam odit.','Marché International','Coil Winders',2998,'Sed impedit asperiores quia et aut rerum. Voluptates at harum exercitationem doloremque. Sunt quam itaque facere culpa consectetur quos.',15214,'unités','mois',1926436,472,1985248,'[{\"strengths\": \"Aperiam molestiae vel rem fuga. Ut officia repellendus deleniti in odit quod vel.\"}, {\"strengths\": \"Qui nam veritatis nulla quis. Saepe esse alias architecto voluptatem.\"}, {\"strengths\": \"Hic asperiores corrupti doloribus id. Eum quam facere sunt omnis explicabo nostrum.\"}, {\"strengths\": \"Non culpa maxime autem tenetur. In ratione provident a sint cum est culpa.\"}]','[{\"weaknesses\": \"Numquam saepe quis et unde et voluptatem delectus quis. Tenetur quis sed quos dolorem harum sed.\"}, {\"weaknesses\": \"Aut sed qui quod consectetur dolore impedit. Et consequatur excepturi ut.\"}]','[{\"label\": \"dicta\", \"value\": 54464}, {\"label\": \"officia\", \"value\": 75299}, {\"label\": \"tenetur\", \"value\": 77707}]','[{\"label\": \"harum\", \"value\": 47105}, {\"label\": \"consequatur\", \"value\": 31761}, {\"label\": \"ea\", \"value\": 18796}, {\"label\": \"recusandae\", \"value\": 40770}, {\"label\": \"harum\", \"value\": 75760}]','Omnis consequatur aliquam ab ex laboriosam. Sed impedit a magnam minus quia ea a.','Doloremque libero facilis qui sit. Aperiam est quia expedita mollitia. Eos placeat ut nemo.','2020-03-30 08:35:47',NULL,NULL),(56,13,10,'Switchable responsive structure','Et amet minima ad ea aut. Hic sint libero tempore et. Praesentium beatae dolores pariatur laudantium officiis est ex. Molestiae sed consequuntur illo quibusdam occaecati a. Animi at quisquam eius est inventore unde rerum a.','Marché International','Pipefitter',56153,'Laudantium id dicta a est quia. Non quia nam voluptas odit voluptatum quia quia. Amet incidunt error non impedit molestiae.',34114,'litres','trimestre',1745339,369,596246,'[{\"strengths\": \"Magnam quia et error molestiae. Provident et saepe reprehenderit sed.\"}, {\"strengths\": \"Nostrum ex ab quasi atque. Quia blanditiis animi qui. Dolorum atque enim cumque id.\"}, {\"strengths\": \"Similique enim labore odit qui ut. Voluptatem alias fuga maiores nemo.\"}, {\"strengths\": \"Deleniti aut deserunt qui aut animi. Id eaque est sunt. Ratione error quod aut pariatur.\"}]','[{\"weaknesses\": \"Quaerat et voluptatibus ea necessitatibus alias dolor. Voluptatem maxime necessitatibus quo in.\"}]','[{\"label\": \"id\", \"value\": 4969}, {\"label\": \"numquam\", \"value\": 56428}, {\"label\": \"repudiandae\", \"value\": 50514}]','[{\"label\": \"et\", \"value\": 79075}, {\"label\": \"consequatur\", \"value\": 36606}, {\"label\": \"incidunt\", \"value\": 12713}, {\"label\": \"eos\", \"value\": 60272}]','Sit et commodi aut et. Qui sit et sed nihil. Exercitationem a quis perspiciatis et consequatur.','Assumenda consequuntur doloremque quis. Ipsa deleniti eius aliquid quibusdam.','2020-03-30 08:35:47',NULL,NULL),(57,12,10,'Universal empowering GraphicInterface','Possimus harum eaque veritatis quos. Consectetur laudantium et officia. Voluptate vel ut error error corrupti. Dolorem ipsa fugit expedita vel deserunt. Accusantium et iusto et occaecati voluptas. Architecto quo quia eius voluptates modi veritatis. Non unde natus voluptates et recusandae.','Marché Nationale','CFO',5268,'Pariatur debitis occaecati expedita eius numquam. Dignissimos ullam sed laboriosam sapiente excepturi velit tempora. Rerum neque architecto eos dolor quaerat soluta.',8201,'unités','mois',881290,73,1796134,'[{\"strengths\": \"Officia ut sunt culpa. Et maxime vitae sunt. Enim perspiciatis et commodi excepturi.\"}, {\"strengths\": \"Eum exercitationem nam qui vel numquam quos. Nostrum non est qui qui libero ea.\"}, {\"strengths\": \"Qui repellendus beatae et aliquam tempora similique. Quibusdam eum dolor repudiandae perspiciatis.\"}, {\"strengths\": \"Voluptates soluta rerum dolor corrupti quos minus. Ullam et numquam reiciendis.\"}]','[]','[{\"label\": \"et\", \"value\": 30299}, {\"label\": \"quia\", \"value\": 64235}, {\"label\": \"architecto\", \"value\": 74645}, {\"label\": \"deserunt\", \"value\": 83648}]','[{\"label\": \"omnis\", \"value\": 85881}]','Officia ducimus eum quo praesentium cupiditate. Non aut doloremque ut ad.','Ab animi non reiciendis repudiandae saepe ut. Eveniet at minus magni ratione voluptatibus sequi.','2020-03-30 08:35:47',NULL,NULL),(58,13,5,'Pre-emptive empowering model','Vel delectus ut ut molestiae molestias expedita in. Ea possimus laudantium consequatur tempora unde consequatur. Illum voluptatem voluptas ipsa soluta at quia sed. Ut voluptatem eos assumenda reiciendis. Ut et qui accusamus ab nihil culpa.','Marché Nationale','Telephone Operator',19391,'Velit fugiat accusantium delectus aperiam animi. Voluptas non adipisci et qui ratione modi. Non cupiditate et sit sequi.',18257,'unités','trimestre',633904,784,789182,'[{\"strengths\": \"Omnis et error aut minus aut. Rem nemo ullam repellat a culpa.\"}, {\"strengths\": \"Illo ut eos repudiandae at quo. Laborum ea eveniet illo unde.\"}, {\"strengths\": \"Rem omnis aut vel sed. Omnis veniam excepturi temporibus quidem. Id est officia quia quibusdam.\"}]','[]','[{\"label\": \"eveniet\", \"value\": 72899}, {\"label\": \"quam\", \"value\": 17454}, {\"label\": \"qui\", \"value\": 83795}]','[{\"label\": \"voluptatem\", \"value\": 44064}, {\"label\": \"perferendis\", \"value\": 70883}, {\"label\": \"in\", \"value\": 16934}, {\"label\": \"id\", \"value\": 77994}, {\"label\": \"ut\", \"value\": 77067}]','Ex quisquam ut facere rem sint quo ipsam. Nulla aut rem inventore eius accusamus esse laboriosam.','Minus sunt dicta est eum ipsa consequatur. Perferendis fuga praesentium minus qui id ipsum culpa.','2020-03-30 08:35:47',NULL,NULL),(59,18,5,'Sharable discrete parallelism','Minima dolor magnam corrupti dignissimos dolorum voluptatum explicabo. Et aut rerum laudantium dolor possimus et voluptatum. Quod dolorum perspiciatis et dolorum aut. Non sunt nihil dignissimos explicabo minus.','Marché Nationale','Machine Tool Operator',8314,'Illo ea harum et omnis itaque. Quaerat dolores beatae magni unde odio iure. Temporibus consectetur placeat ducimus aliquam et alias.',42525,'Kg','trimestre',1747312,295,1291907,'[{\"strengths\": \"At quia quia possimus beatae labore minus iste. Corrupti saepe non error quia exercitationem sint.\"}]','[]','[{\"label\": \"ad\", \"value\": 17503}]','[{\"label\": \"et\", \"value\": 29777}]','Sint accusantium eum eligendi consequatur iure. Et quaerat cum aut quibusdam est dolore.','Perferendis illum aut qui in nostrum aliquam. Facilis omnis aut architecto qui consectetur facilis.','2020-03-30 08:35:47',NULL,NULL),(60,13,9,'Virtual responsive implementation','Quia autem maxime quae amet. Minus vel non natus rerum assumenda occaecati. Tempora et perferendis ab quod veniam. Labore repudiandae qui et qui fugiat doloribus.','Marché Nationale','Dispatcher',80979,'Odio ea non consequatur est. Asperiores quibusdam voluptatem voluptatem.',39576,'tonnes','trimestre',1661889,166,332482,'[{\"strengths\": \"Iure inventore explicabo ea error qui. Voluptate omnis aperiam et. Impedit ut consequuntur velit.\"}]','[{\"weaknesses\": \"Rerum molestiae ab minima totam. Voluptas ex eum voluptatem repudiandae.\"}, {\"weaknesses\": \"Voluptatem quaerat fuga id aut quis modi. Consequuntur consequatur quam ratione.\"}]','[{\"label\": \"hic\", \"value\": 67818}]','[{\"label\": \"et\", \"value\": 27705}, {\"label\": \"aut\", \"value\": 3521}, {\"label\": \"voluptatem\", \"value\": 60235}, {\"label\": \"illo\", \"value\": 60885}, {\"label\": \"placeat\", \"value\": 82730}, {\"label\": \"atque\", \"value\": 51561}]','Est laudantium ipsam dolores et libero fugit. Facilis et repellendus ullam quidem quaerat.','Quidem et ut aut eligendi. Sapiente et dolorum occaecati.','2020-03-30 08:35:47',NULL,NULL),(61,14,9,'Up-sized global database','Itaque accusantium eos inventore suscipit. Enim exercitationem et minima sint. Dicta illo eaque dolorum praesentium nulla commodi. Velit perferendis quaerat et ad hic rerum. Eos et ratione ea quo harum rerum eos vel. Sint aliquid est quam officiis itaque reiciendis facilis natus.','Marché Nationale','Sociologist',35840,'Dolorem reiciendis ad reiciendis facilis officiis. Aperiam quis ut est magnam dolores laborum. Commodi suscipit perferendis quisquam molestiae expedita qui. Sequi non qui omnis eum nihil.',20897,'litres','mois',1549874,130,1278126,'[{\"strengths\": \"Esse et facere est et. Voluptatibus vel vitae quas veniam.\"}]','[{\"weaknesses\": \"Aut quaerat ut distinctio. Sunt quis ratione sit rem qui pariatur qui eum.\"}, {\"weaknesses\": \"Aut quibusdam qui qui. Ex quod omnis laudantium nihil ab. Dolorum magni ut et veritatis.\"}]','[{\"label\": \"nesciunt\", \"value\": 49450}, {\"label\": \"sint\", \"value\": 65763}, {\"label\": \"tenetur\", \"value\": 15569}, {\"label\": \"dolorem\", \"value\": 17240}]','[{\"label\": \"perspiciatis\", \"value\": 26972}, {\"label\": \"ducimus\", \"value\": 42945}, {\"label\": \"laudantium\", \"value\": 49481}]','Veniam consequatur porro reiciendis. Veritatis qui architecto eum aut maiores. Modi sunt hic at.','Laboriosam fugiat non nesciunt iure. Eveniet numquam dolor est culpa.','2020-03-30 08:35:47',NULL,NULL),(62,18,5,'Operative neutral neural-net','Illo et voluptate odio cumque cum aliquid. Vel quis rerum illum magnam. Cupiditate et dolores inventore. Vel enim velit vero magnam. Quia est cumque voluptates vel. Fugit saepe natus laudantium et corporis.','Marché International','Occupational Health Safety Specialist',45911,'Ex vel et cupiditate repudiandae consequatur. Quae ducimus omnis tenetur eos. Omnis doloremque consequuntur tempore voluptatem.',64079,'litres','an',1437003,54,485392,'[{\"strengths\": \"Ducimus maxime facilis modi minus aut. Alias non et fugit asperiores sit ex.\"}]','[{\"weaknesses\": \"Qui nihil quia qui reprehenderit corrupti fugit. Ut possimus dolorem quae quia unde.\"}, {\"weaknesses\": \"Est dolores ea quia. Recusandae enim illum eos ut delectus. Totam recusandae mollitia quos iste.\"}, {\"weaknesses\": \"Ut qui ipsum suscipit omnis. Aut voluptas sit sed nihil. Ut dolor dolores reiciendis consequatur.\"}, {\"weaknesses\": \"Commodi ducimus vel nemo quidem inventore. Ut alias ex debitis non.\"}]','[{\"label\": \"est\", \"value\": 53887}, {\"label\": \"cum\", \"value\": 65807}]','[{\"label\": \"possimus\", \"value\": 40121}, {\"label\": \"quaerat\", \"value\": 24999}, {\"label\": \"ea\", \"value\": 43314}]','Numquam quidem et quia molestiae quia aut. Non facere expedita quibusdam. Corrupti ad eveniet enim.','Odio dolor provident corrupti. Ut dicta eveniet iusto animi.','2020-03-30 08:35:47',NULL,NULL),(63,17,10,'Open-architected solution-oriented interface','Laborum distinctio optio veniam ex dolor molestiae repellendus. Quibusdam praesentium quo veniam quae. Suscipit non quidem aliquid aliquid aut. Sequi rem deserunt qui cupiditate animi. Blanditiis numquam id ipsam labore impedit eaque dignissimos.','Marché Nationale','Lawyer',72605,'Deserunt exercitationem quas qui inventore dolor sunt magnam. Officiis totam sint modi illum accusantium. Ut esse tempora ex.',67398,'Kg','mois',1775144,532,968638,'[{\"strengths\": \"In autem debitis et est velit. Aspernatur quia ad magnam provident voluptatem.\"}, {\"strengths\": \"Aperiam aut praesentium quia aut enim quis voluptate. Exercitationem est recusandae aut.\"}, {\"strengths\": \"Et consectetur qui et voluptatem quas qui voluptatem. Doloribus soluta reprehenderit iure a qui.\"}, {\"strengths\": \"Minus et similique voluptatum et dolores eum quae. Quas assumenda eligendi sunt voluptate.\"}]','[{\"weaknesses\": \"Dolores quia ut neque ad. Fugiat magni officia veniam sint adipisci.\"}, {\"weaknesses\": \"Velit quia nobis at maxime est. Quo eaque at placeat voluptas voluptates voluptas.\"}, {\"weaknesses\": \"Omnis voluptas aut eligendi ut. Quo quisquam est quod quia occaecati velit sunt.\"}, {\"weaknesses\": \"Dignissimos earum unde reiciendis. Ratione sit est sequi veniam.\"}]','[{\"label\": \"incidunt\", \"value\": 84188}, {\"label\": \"magni\", \"value\": 52368}]','[{\"label\": \"aut\", \"value\": 64447}, {\"label\": \"tenetur\", \"value\": 26943}, {\"label\": \"placeat\", \"value\": 65469}, {\"label\": \"eum\", \"value\": 62987}, {\"label\": \"provident\", \"value\": 48648}]','Eum qui et quia eligendi sint occaecati expedita quod. Nulla et deleniti necessitatibus.','Mollitia aut eaque nam. Expedita id doloremque amet. Ipsa blanditiis et voluptatem.','2020-03-30 08:35:47',NULL,NULL),(64,14,10,'Mandatory exuding neural-net','Sit non id fugit. Ex fugiat quis voluptatem. Voluptatem et et vero. Ut officiis assumenda laudantium laboriosam facere ab. Voluptas aliquam et beatae quasi voluptatum. Eum est praesentium eligendi delectus et porro. Esse suscipit eos aliquid fugit. Itaque odio in voluptate. Eum hic ea sit.','Marché Nationale','Naval Architects',36866,'Nam consequuntur ratione ut eaque voluptatum deserunt. Dignissimos aut temporibus beatae et at pariatur excepturi porro. Dignissimos ut repellat libero quam.',2399,'litres','an',1182056,181,1230770,'[{\"strengths\": \"Magnam nobis neque qui. Dolor dolor ex quam consequatur. Consequatur enim itaque est dolorem.\"}, {\"strengths\": \"Sit facere quod aliquam et quae. Autem velit ipsum eveniet illum.\"}, {\"strengths\": \"Doloribus aut qui maxime deleniti facere. Non placeat enim esse non.\"}, {\"strengths\": \"Dolor et minus veritatis voluptatibus totam. Dicta adipisci nihil molestiae illum magni sed.\"}]','[{\"weaknesses\": \"Sed enim optio voluptate deserunt id magni. Harum libero quasi ut quidem delectus rerum voluptas.\"}, {\"weaknesses\": \"Recusandae est non atque fuga. Quaerat est animi non repellendus debitis adipisci eveniet quisquam.\"}]','[{\"label\": \"vel\", \"value\": 75225}]','[{\"label\": \"voluptatem\", \"value\": 68046}, {\"label\": \"sit\", \"value\": 11178}, {\"label\": \"perferendis\", \"value\": 81263}, {\"label\": \"numquam\", \"value\": 55936}, {\"label\": \"dolorem\", \"value\": 28266}]','Quia voluptatem quis labore. Dolorum non nulla eum odit. A sint reiciendis ex magnam.','Eum adipisci in est est vel numquam. Et aut dolorum tempore et quas.','2020-03-30 08:35:47',NULL,NULL),(65,17,5,'Public-key non-volatile throughput','Inventore nobis in quo asperiores. A omnis ea illo veritatis ab atque quam. Tempora voluptas ut animi aut modi quas ratione ullam.','Marché International','Private Sector Executive',28072,'Saepe omnis numquam ea. Sunt aut repellendus facilis necessitatibus asperiores eum. Quia quia consequatur nesciunt quia iste dolores quis.',53701,'tonnes','an',804619,121,1802291,'[{\"strengths\": \"Quasi illum et et. Voluptas quibusdam illum eum omnis sit quo non. Nulla quis a sint dolorem vel.\"}]','[{\"weaknesses\": \"Enim et eveniet dolore sit. Dolor qui aspernatur et aut dolore.\"}, {\"weaknesses\": \"Sint iste mollitia rerum veritatis nemo. Recusandae porro ipsa nam.\"}, {\"weaknesses\": \"Hic cupiditate reiciendis ea nihil. Quis tempore voluptas eum possimus error ullam esse.\"}]','[{\"label\": \"pariatur\", \"value\": 69778}, {\"label\": \"est\", \"value\": 81844}, {\"label\": \"rem\", \"value\": 53992}]','[{\"label\": \"facere\", \"value\": 341}, {\"label\": \"non\", \"value\": 836}, {\"label\": \"sapiente\", \"value\": 80232}]','Repellat perferendis non laboriosam sit. Dolorem fugiat labore reprehenderit repellat.','Repudiandae ea dolores eius sunt ut repellendus ex. Assumenda inventore quam ipsa eaque est.','2020-03-30 08:35:47',NULL,NULL),(66,14,5,'User-centric exuding concept','Odio natus doloribus rerum dolorem fuga. Non qui nesciunt consequatur vel non est. Qui aspernatur eos temporibus quasi sed officia. Saepe officiis optio consectetur nisi beatae. Quod voluptatum sed vitae recusandae.','Marché Nationale','Conservation Scientist',30350,'Sequi dignissimos qui quo perferendis ea occaecati debitis quis. Qui quos nihil consequatur quam. Illo tempore eligendi vel alias.',9074,'litres','an',1043511,237,757970,'[{\"strengths\": \"Accusamus ea repudiandae recusandae hic. Et voluptas nemo consequatur.\"}, {\"strengths\": \"Repellendus sit accusantium voluptatem. Aliquid eligendi corporis aut tempore quia consectetur nam.\"}]','[{\"weaknesses\": \"Alias omnis id nostrum est. Ullam natus laboriosam saepe nobis.\"}]','[{\"label\": \"quia\", \"value\": 69731}]','[{\"label\": \"nisi\", \"value\": 14362}, {\"label\": \"libero\", \"value\": 996}]','Eum dolor quia et mollitia autem minus. Odio nulla quia nulla laudantium.','Minima dolorem tenetur aut atque ut. Corporis quia magnam blanditiis quis voluptatum neque.','2020-03-30 08:35:47',NULL,NULL),(67,17,9,'Profound zeroadministration customerloyalty','Dolore corporis magni officiis magni eius. Fuga eum minus voluptatem dolores iste aut. Magnam in magni repellat ea velit. Ut ut officia odit. Neque et harum et repellendus aperiam nihil odit. Nisi deserunt corporis et nam.','Marché International','Portable Power Tool Repairer',55098,'Eveniet hic expedita qui est autem nisi magni. Quis deserunt sequi voluptates consequatur. Totam quod blanditiis quis dolore est.',36217,'litres','an',1749927,858,1560322,'[{\"strengths\": \"Voluptate sequi nulla deleniti neque recusandae soluta hic. Magni iusto dolore omnis sint.\"}, {\"strengths\": \"Rerum voluptas fuga est ullam ab. Perspiciatis eligendi ut in qui et. Rerum voluptates itaque ut.\"}]','[]','[{\"label\": \"debitis\", \"value\": 75135}, {\"label\": \"aspernatur\", \"value\": 7209}, {\"label\": \"tempora\", \"value\": 61613}]','[]','Tempore magnam quod non et ab facilis. Odio autem quia aspernatur odit natus aperiam.','Odit delectus quod sint quis. Sed est repellendus consequatur cum sed.','2020-03-30 08:35:47',NULL,NULL),(68,13,13,'Advanced asynchronous capacity','Ab et distinctio iste aut unde voluptas. Nemo sint explicabo consequatur consequatur quaerat. Sit ex ad sit vel recusandae. Aperiam autem veritatis facilis et est unde eos facilis. Ab officia pariatur vel sit sit. Et qui et tempore ducimus accusamus.','Marché International','Social Scientists',50330,'Blanditiis fugiat in aut quis. Iste est officia quibusdam harum maxime ducimus. Ipsa ea enim quod ut. Enim perferendis officiis consequatur incidunt.',87474,'Kg','trimestre',1248346,641,1055850,'[{\"strengths\": \"Dicta nihil et vero qui. Tempora et iusto aliquam cum. Qui voluptatem illo quo provident.\"}]','[{\"weaknesses\": \"Quia quam doloremque dolor non repellendus. Sit autem quia sunt quod.\"}]','[]','[{\"label\": \"quia\", \"value\": 6634}, {\"label\": \"dolorum\", \"value\": 18236}, {\"label\": \"est\", \"value\": 25704}, {\"label\": \"quis\", \"value\": 29884}, {\"label\": \"voluptatum\", \"value\": 64672}]','Dolor alias ab repellendus magnam. Qui ut ab sunt dolor culpa vel.','Quasi rerum ut voluptas sit minus omnis. Repellendus veniam quas sit itaque ducimus nobis.','2020-03-30 08:35:47',NULL,NULL),(69,18,10,'Assimilated actuating portal','Ut molestias fuga consequatur labore. Quis iure sit corpor','Marché Nationale','Material Movers',47327,'Culpa voluptatem reiciendis deleniti voluptatem est et quis. Eligendi sunt velit iste totam facilis sed. Perferendis cum voluptatibus tempora fuga quasi. Quam enim vero ea nemo impedit ut minus.',30046,'Kg','trimestre',1755453,458,1865710,'[{\"strengths\": \"Corrupti doloremque fugiat dolorem consectetur. Autem ut et fugiat non et rerum.\"}]','[]','[{\"label\": \"quibusdam\", \"value\": 23265}, {\"label\": \"aut\", \"value\": 26946}, {\"label\": \"vero\", \"value\": 12463}, {\"label\": \"fugit\", \"value\": 75763}]','[{\"label\": \"aut\", \"value\": 53138}, {\"label\": \"minus\", \"value\": 24351}]','Voluptatem amet atque vitae. Dolore sit aut eveniet aperiam. Mollitia fuga maiores veniam omnis.','Omnis repellendus et ut. Deserunt adipisci magni doloremque aut.','2020-03-30 08:35:47',NULL,NULL),(70,12,10,'Stand-alone coherent internetsolution','Quos voluptatem in recusandae qui ea. Aliquid ut et tempore nobis. Fuga quia vel consectetur ipsum commodi eligendi deserunt. Quae dolorum quam voluptas expedita amet numquam quisquam quo.','Marché Nationale et Export','Director Of Business Development',9518,'Quaerat vitae expedita occaecati minima animi quae. Aut architecto doloribus libero totam totam saepe quia. Ratione repellendus fuga reprehenderit sequi omnis rerum sunt.',77408,'tonnes','mois',624772,980,644626,'[{\"strengths\": \"Omnis perspiciatis ullam sed ea libero. Cumque iste et adipisci. Impedit sunt rem autem quaerat ab.\"}, {\"strengths\": \"Voluptate et dolorum cumque molestias repudiandae. Error non cupiditate dolorem odio.\"}, {\"strengths\": \"Soluta porro at voluptatem harum officia. In et omnis voluptatem. Rerum ut minus eveniet quo quo.\"}]','[{\"weaknesses\": \"Ut iste esse in. Blanditiis aut omnis qui beatae.\"}]','[{\"label\": \"molestias\", \"value\": 42227}, {\"label\": \"minima\", \"value\": 89095}, {\"label\": \"voluptatem\", \"value\": 79627}]','[]','Nihil quam atque nobis. Molestias aut consequatur et magnam. Alias at voluptatem corrupti.','Cumque dolorem ad nam consequatur. Itaque rerum expedita delectus rerum sint quia ducimus.','2020-03-30 08:35:47',NULL,NULL),(71,12,5,'Up-sized multi-tasking conglomeration','Facilis eaque tempora ea placeat vel aliquid. Autem fugit natus odio qui animi sint et. Molestias aut provident impedit et vitae. Magnam eum recusandae eligendi dolorum in voluptatem. Quam dicta dicta blanditiis ipsam minus.','Marché International','Licensed Practical Nurse',30644,'Officiis sint perferendis magnam dicta ea itaque reprehenderit. Et qui eaque et nesciunt molestiae. Qui et quia nemo provident voluptatem sed atque.',35020,'unités','an',1588753,177,1576231,'[{\"strengths\": \"Dolor autem qui esse ducimus. Sed delectus nihil atque et dignissimos accusamus facilis.\"}, {\"strengths\": \"Sequi omnis labore et est vero. Dolore eum consequuntur eos veniam.\"}]','[{\"weaknesses\": \"Sit et ab a voluptatum et. Quas ad velit dolores voluptatum deserunt. Numquam quis sit ipsum et.\"}]','[{\"label\": \"illum\", \"value\": 33935}, {\"label\": \"dicta\", \"value\": 48082}, {\"label\": \"beatae\", \"value\": 22398}, {\"label\": \"suscipit\", \"value\": 8113}]','[{\"label\": \"delectus\", \"value\": 17064}, {\"label\": \"consequatur\", \"value\": 51281}]','Assumenda vitae dolores qui culpa. Dolorem praesentium assumenda dolore soluta.','Harum modi voluptas cumque saepe quis est porro. Corporis et rerum eum ut.','2020-03-30 08:35:47',NULL,NULL),(72,17,9,'Versatile mission-critical orchestration','Doloribus officia quaerat rerum distinctio voluptatum facilis voluptates officia. Illum doloribus pariatur soluta similique repudiandae et. Veniam excepturi voluptatem voluptates quod numquam velit aut et. Itaque corporis sed et reprehenderit animi molestias.','Marché Nationale et Export','Probation Officers and Correctional Treatment Specialist',1301,'Tempore eum ratione aperiam. Quasi quia aspernatur quia velit officia maxime quos.',34687,'tonnes','an',1098205,275,1634023,'[{\"strengths\": \"Est reprehenderit rerum nemo eum ut. Quia sed officia facere eveniet.\"}]','[]','[{\"label\": \"autem\", \"value\": 37611}, {\"label\": \"voluptatem\", \"value\": 86950}, {\"label\": \"reprehenderit\", \"value\": 68916}, {\"label\": \"beatae\", \"value\": 73267}]','[]','Aliquam qui error et consequatur in ad. Veniam magni error explicabo. Qui commodi quo expedita ex.','Aut itaque sunt aliquid natus. Laborum nulla et dicta praesentium. Et est aut et tempore natus.','2020-03-30 08:35:47',NULL,NULL),(73,14,13,'Enterprise-wide coherent throughput','Est a unde earum nam dolorem aperiam. Nulla dolores repellat vel voluptas. Quaerat omnis inventore ut ea. Cupiditate laudantium odit at aperiam. Quo explicabo porro impedit. Sunt est minima non ut alias sit. Debitis aliquam maiores vitae fuga ut voluptatum. Rem consectetur et cumque minima aut.','Marché Nationale et Export','Dietetic Technician',32894,'Delectus aperiam culpa fuga. Aliquid ipsa porro rerum doloremque. Laudantium optio ab non quia. Odio consequatur aspernatur ullam adipisci sunt atque corporis magnam.',24200,'unités','an',1268838,427,109202,'[{\"strengths\": \"Minus dicta et iste dolores et. Dolor in suscipit deserunt optio magni velit sunt blanditiis.\"}, {\"strengths\": \"Odio nemo dolores nam nemo. Vero tenetur quaerat aliquid voluptates qui sit modi.\"}, {\"strengths\": \"Aspernatur autem nihil omnis. Dolorem ea dolor consequatur aut eum.\"}]','[{\"weaknesses\": \"Voluptas quaerat velit sed aut. Pariatur eum ex et beatae. Eaque eos illo tenetur eos suscipit.\"}, {\"weaknesses\": \"Velit omnis fugiat esse et. Voluptatem quis magni beatae. Nisi cum modi dolores et.\"}]','[{\"label\": \"quia\", \"value\": 20258}, {\"label\": \"dolorem\", \"value\": 68609}, {\"label\": \"non\", \"value\": 23682}]','[{\"label\": \"error\", \"value\": 7406}, {\"label\": \"harum\", \"value\": 75404}, {\"label\": \"itaque\", \"value\": 43362}, {\"label\": \"incidunt\", \"value\": 61256}, {\"label\": \"quos\", \"value\": 89352}]','Qui qui placeat impedit. Ipsa dolorem eum quisquam. Reiciendis consequatur iusto cupiditate quidem.','Laboriosam magni accusantium veniam. Exercitationem dolores dolor ut nam eveniet.','2020-03-30 08:35:47',NULL,NULL),(74,17,10,'Horizontal empowering encryption','Ducimus ab nulla doloremque dolor quasi. Ut dolorem sequi deserunt quo. Quisquam animi non repellat aut tempore. Vel velit facere quia ab qui.','Marché Nationale et Export','General Practitioner',88796,'Maxime voluptatum repudiandae totam doloremque nostrum vero. Magnam quae ut perspiciatis nostrum. Autem quae sit vel incidunt perspiciatis hic dolorum.',19658,'unités','an',1426806,271,1829629,'[{\"strengths\": \"Et tenetur adipisci ut. Qui iure impedit eius totam qui nisi. Fugiat sit dolor recusandae a.\"}]','[{\"weaknesses\": \"Ut sed et possimus consectetur. Esse eos sed facilis beatae id voluptatem nulla.\"}]','[{\"label\": \"quibusdam\", \"value\": 8376}, {\"label\": \"aliquam\", \"value\": 18981}]','[{\"label\": \"voluptatum\", \"value\": 5912}, {\"label\": \"quia\", \"value\": 34834}, {\"label\": \"qui\", \"value\": 37500}, {\"label\": \"qui\", \"value\": 83013}]','Quia odio sed deserunt sapiente nisi. Doloribus et provident nisi et non sit facilis.','Aperiam eius adipisci reiciendis accusamus facilis. Id quod minus quia et quidem enim.','2020-03-30 08:35:47',NULL,NULL),(75,17,10,'Cross-group client-server firmware','At non beatae alias. Eum vel aut cupiditate. Enim aspernatur adipisci dolore provident repellat aut facere non. Nulla cum aut reprehenderit veniam enim enim accusantium. Eos neque atque eaque earum quaerat. Saepe numquam quo voluptatum nulla alias aut.','Marché Nationale','Woodworker',62816,'Esse quo sit quod. Qui sapiente repellendus natus et doloremque amet quaerat labore. Eos qui omnis ut beatae laboriosam beatae veritatis. Quam quod illum sed.',9358,'litres','mois',840965,514,1699150,'[{\"strengths\": \"Id architecto assumenda esse rerum nihil unde aut. Velit omnis qui et. Expedita est non fugit a.\"}]','[{\"weaknesses\": \"Magnam quisquam distinctio accusamus veniam. Et est veniam quia velit voluptas.\"}, {\"weaknesses\": \"Excepturi est voluptas atque. Sit est minus amet iste natus ut enim.\"}, {\"weaknesses\": \"Autem est placeat voluptatum architecto. At aut in velit voluptatum voluptates.\"}, {\"weaknesses\": \"Et dolorum vero molestiae ut nemo nihil culpa. Repellat quia ad porro rerum amet provident.\"}]','[{\"label\": \"aspernatur\", \"value\": 47571}]','[{\"label\": \"illum\", \"value\": 69664}, {\"label\": \"sit\", \"value\": 69299}, {\"label\": \"non\", \"value\": 60660}, {\"label\": \"porro\", \"value\": 23595}]','Reiciendis iste amet molestiae dolor. Impedit aut qui ut odit iusto vel eligendi.','Deleniti vel aut consectetur optio perspiciatis ipsum voluptatem aut. Ea vel est nisi.','2020-03-30 08:35:47',NULL,NULL),(76,12,10,'Exclusive 5thgeneration knowledgeuser','Fuga est quo alias iure. Omnis enim optio nihil rerum fugiat accusamus. Assumenda est dolor tenetur vero dolores enim error. Enim nihil quia quasi enim qui consequuntur rerum. Quia omnis odio quia nemo. Dolorem possimus ducimus praesentium natus et qui natus.','Marché Nationale et Export','CTO',34394,'Ipsa debitis laudantium itaque sunt dignissimos. Ipsum voluptatem accusamus occaecati quis et sunt odio dolore. In odio ut tempora in facere sit.',60768,'tonnes','mois',1297079,544,351262,'[{\"strengths\": \"In reprehenderit ratione molestiae. Id doloremque quia voluptatem.\"}]','[{\"weaknesses\": \"Ea dolores aut porro illo culpa non natus. Voluptas enim et sit qui et atque tenetur.\"}, {\"weaknesses\": \"Illum ut nihil quia enim inventore. Corrupti quod quam beatae esse possimus minima.\"}]','[{\"label\": \"dolorem\", \"value\": 41540}, {\"label\": \"ea\", \"value\": 4607}]','[{\"label\": \"veniam\", \"value\": 80435}, {\"label\": \"debitis\", \"value\": 32226}, {\"label\": \"ducimus\", \"value\": 82054}, {\"label\": \"ab\", \"value\": 81597}, {\"label\": \"illum\", \"value\": 10360}, {\"label\": \"quo\", \"value\": 75047}]','Soluta ut aliquam consequatur qui sed ut hic. Voluptas quidem soluta et corrupti libero aut nisi.','Voluptatem nulla aperiam ut et. Est quod exercitationem veritatis quia nemo.','2020-03-30 08:35:47',NULL,NULL),(77,17,10,'Team-oriented neutral matrix','Ut eligendi sit et quia quia. Vel animi dolorum non modi id odio earum. Eveniet quam consequuntur modi exercitationem molestiae nisi laboriosam. Pariatur molestias assumenda nihil ea laborum facere porro. Distinctio perspiciatis est minima similique aliquam et error.','Marché Nationale','Sculptor',71956,'Quam delectus ad molestias nobis mollitia qui corrupti blanditiis. Rem ad et impedit est. Dolore nulla et beatae optio debitis accusamus. Rem est beatae velit et natus velit et.',75784,'tonnes','mois',1999684,73,1356360,'[{\"strengths\": \"Eveniet perspiciatis impedit iusto velit. A iusto et et eos omnis esse aspernatur.\"}, {\"strengths\": \"Velit aut iusto ut odio. Asperiores inventore praesentium nihil.\"}]','[{\"weaknesses\": \"Non et molestias placeat aliquam nostrum et quod. Ipsa ea architecto aut. Et officiis ea quos.\"}]','[{\"label\": \"impedit\", \"value\": 9260}]','[{\"label\": \"optio\", \"value\": 42616}, {\"label\": \"et\", \"value\": 38521}, {\"label\": \"consequatur\", \"value\": 71307}, {\"label\": \"non\", \"value\": 85139}, {\"label\": \"quam\", \"value\": 2759}]','Error doloremque non odio quis nemo ipsam fugit. Esse sapiente tempore voluptas quam fuga.','Non dolores repellat soluta dolores. Commodi corporis sit quas. Neque itaque voluptates quas neque.','2020-03-30 08:35:47',NULL,NULL),(78,14,13,'Versatile demand-driven solution','Quae et quam ipsum error. Maxime ut est error. Rerum quo quia consequatur quia aut molestiae velit. Deleniti error voluptate quas error. Eligendi assumenda nobis harum delectus numquam aut fugiat. Provident animi voluptas molestiae sed repudiandae et iure.','Marché Nationale et Export','Veterinary Assistant OR Laboratory Animal Caretaker',78589,'Aut suscipit aspernatur et distinctio. Ut autem tempora quae nisi. Id ut ut et nisi aut aspernatur. Distinctio et enim hic rerum.',27354,'unités','an',721415,969,692757,'[{\"strengths\": \"Maiores et eius ut. Laudantium eos distinctio repudiandae ea et.\"}, {\"strengths\": \"Non rerum sint quos est explicabo totam. Sequi laudantium animi rem quis. Laborum ea nostrum dolor.\"}]','[]','[{\"label\": \"ut\", \"value\": 19581}]','[{\"label\": \"saepe\", \"value\": 49999}, {\"label\": \"at\", \"value\": 79889}, {\"label\": \"odit\", \"value\": 82391}, {\"label\": \"esse\", \"value\": 47525}, {\"label\": \"et\", \"value\": 70769}, {\"label\": \"et\", \"value\": 2292}]','In pariatur quod fuga. Consequatur et et omnis fugiat reiciendis.','Voluptas totam sapiente rerum magni. Incidunt ipsam dolor et aut. Dolore nam et repudiandae sit.','2020-03-30 08:35:47',NULL,NULL),(79,18,13,'Customer-focused bifurcated orchestration','Non sit aut est rerum quas molestiae repudiandae consequatur. Placeat et nihil non quia voluptatibus quas. Dignissimos eum omnis ullam asperiores iusto corrupti. Aspernatur nihil non dignissimos reprehenderit.','Marché International','Movers',79236,'Dolorem magnam corrupti inventore quia. Voluptates eum et veniam qui. Aperiam sed explicabo atque. Nihil nostrum enim fuga voluptatum dignissimos.',33907,'Kg','an',871673,499,1384316,'[{\"strengths\": \"Ut magnam aut maiores ut corrupti. Porro odio quaerat culpa enim et rerum.\"}, {\"strengths\": \"Quo adipisci aspernatur sint. Libero porro sed est inventore.\"}]','[{\"weaknesses\": \"Et amet ut dolor earum aut. Tenetur inventore et aliquid perspiciatis vel nemo sed.\"}, {\"weaknesses\": \"Nisi non ea ratione alias dolores. Laboriosam et aut est quaerat eaque.\"}, {\"weaknesses\": \"Maiores accusamus quos minus animi iste voluptatem. Aut hic nam et fugit. Sunt quisquam qui dolor.\"}, {\"weaknesses\": \"Esse minus et excepturi excepturi. Error excepturi debitis est consectetur enim ut.\"}]','[{\"label\": \"delectus\", \"value\": 25483}]','[{\"label\": \"rerum\", \"value\": 74790}, {\"label\": \"et\", \"value\": 77996}, {\"label\": \"tempora\", \"value\": 69606}, {\"label\": \"ex\", \"value\": 71584}]','Perferendis est esse et atque. Facere aspernatur et qui in et ab.','Dolorem corporis ut est voluptatem commodi. Sapiente quos eum est illo nesciunt dolorum.','2020-03-30 08:35:47',NULL,NULL),(80,17,9,'Implemented bi-directional contingency','Consequatur vel repudiandae accusantium beatae. Eum dicta assumenda eos eius quam consequatur eum rerum. Et quia voluptatem voluptas sunt ut. Iusto ut est dolorem. Totam ut qui dolor enim nesciunt animi mollitia. Aut velit fuga nisi enim dolorem facilis omnis.','Marché International','Product Specialist',47440,'Possimus qui odio eaque. Cupiditate atque nostrum quae deserunt. Et qui et sed impedit voluptatibus qui id.',19079,'unités','mois',860033,241,1258125,'[{\"strengths\": \"Earum consequatur vero non tempore. Occaecati veritatis rem soluta suscipit accusamus.\"}, {\"strengths\": \"Et sint unde aut voluptatibus doloribus officiis eos. Et sit totam incidunt.\"}]','[]','[{\"label\": \"veritatis\", \"value\": 25995}, {\"label\": \"doloribus\", \"value\": 32322}]','[{\"label\": \"alias\", \"value\": 61835}, {\"label\": \"repudiandae\", \"value\": 86273}, {\"label\": \"rerum\", \"value\": 88231}]','Vel qui rem qui rerum enim rem. Quasi perspiciatis dolor ut non. Voluptas et accusamus doloribus.','Sit dolor magnam omnis eum nihil quibusdam. Illum ducimus voluptas ab nemo.','2020-03-30 08:35:47',NULL,NULL),(81,18,5,'Team-oriented demand-driven time-frame','Mollitia labore et est nesciunt non voluptate. Voluptas adipisci delectus totam vel in quidem vitae. Veritatis ad et qui molestias fuga et. Dolore enim dolorem veritatis vel ducimus maxime.','Marché Nationale','English Language Teacher',17405,'Aspernatur totam earum eum fugiat sed maxime nostrum. In suscipit cumque iure dolore. Nobis quibusdam quia voluptatem blanditiis itaque et.',26712,'Kg','trimestre',910162,792,301774,'[{\"strengths\": \"Facere quis fugit libero id. Aut ea voluptates minima doloribus dolore consequatur.\"}]','[{\"weaknesses\": \"Molestiae nihil quia enim molestias rem iusto. Neque et autem rerum qui.\"}]','[{\"label\": \"quia\", \"value\": 15642}, {\"label\": \"animi\", \"value\": 67157}]','[{\"label\": \"saepe\", \"value\": 16428}]','Quo quia ut itaque quia corrupti. Natus quo qui nesciunt sed eaque consequuntur iste.','Hic inventore qui enim quis. Quis quia sint laudantium cum sed. Ad cumque ipsam sit excepturi eum.','2020-03-30 08:35:47',NULL,NULL),(82,14,9,'Stand-alone bifurcated complexity','Praesentium deleniti fuga perferendis provident est tempore. Debitis aut similique quidem sed. Voluptas nostrum magni molestiae quia delectus illo. Autem non modi odit distinctio corporis sit nihil.','Marché Nationale et Export','Home Entertainment Equipment Installer',73089,'Ut aut consectetur dolorem sed possimus. Explicabo a doloribus tenetur unde laudantium distinctio saepe. Quae dignissimos eos possimus esse officiis tempore.',5404,'litres','trimestre',1865480,75,672006,'[{\"strengths\": \"Praesentium suscipit voluptatibus quaerat sed. Aut labore optio officiis dolor.\"}, {\"strengths\": \"Ducimus ex eum quis blanditiis culpa voluptate. Et earum et aut quo.\"}]','[{\"weaknesses\": \"Commodi unde voluptatem magni aut ad. Tempore quas enim laborum. Quia iusto ab eaque.\"}, {\"weaknesses\": \"Quos ut dignissimos maxime qui. Nulla nam distinctio impedit ipsum sit.\"}, {\"weaknesses\": \"Velit enim voluptatem iusto qui tempore quis. Culpa necessitatibus dignissimos facere.\"}]','[{\"label\": \"doloremque\", \"value\": 42965}]','[{\"label\": \"in\", \"value\": 80456}]','Provident aut aut eos quos nisi ut. Nesciunt dolor ex assumenda amet.','Ut dolores sed voluptatem repellendus dolor. Laborum nihil distinctio corporis quae alias.','2020-03-30 08:35:47',NULL,NULL),(83,14,9,'Balanced intermediate budgetarymanagement','Non dolores voluptas aliquid odio ut voluptas. Alias autem aspernatur ea eos reprehenderit est sint. Provident asperiores eos labore cum officia dolores et. Alias sed officiis illum repudiandae quas cum. Cumque qui magni quo et ut. Fugit dolorem maxime sit maiores.','Marché International','Health Technologist',79637,'Est est aperiam eius est aut ad enim. Ipsa facere quam quis ea est. Eveniet ipsa omnis quisquam.',44203,'unités','trimestre',1352673,967,892294,'[{\"strengths\": \"Debitis aliquid laboriosam non ipsam. Quidem commodi doloremque laudantium natus neque quis.\"}, {\"strengths\": \"Suscipit sint fugit in est. Sit libero reprehenderit nihil. Ut atque esse qui qui nihil in aut.\"}, {\"strengths\": \"Quibusdam eveniet soluta exercitationem minima ab. Magnam nisi et non.\"}, {\"strengths\": \"Asperiores exercitationem sit eaque accusantium rerum qui. Harum sed commodi autem.\"}]','[{\"weaknesses\": \"Sed nisi sint reiciendis facilis quos aut aut beatae. Omnis laborum a nostrum autem earum tempora.\"}, {\"weaknesses\": \"Sequi aliquam cum dolores hic cum nobis. Aspernatur neque omnis dolores quis.\"}]','[{\"label\": \"dolorum\", \"value\": 51749}, {\"label\": \"quisquam\", \"value\": 17827}, {\"label\": \"voluptas\", \"value\": 77520}, {\"label\": \"qui\", \"value\": 37960}]','[{\"label\": \"dignissimos\", \"value\": 36181}, {\"label\": \"optio\", \"value\": 30782}, {\"label\": \"et\", \"value\": 64586}, {\"label\": \"consequatur\", \"value\": 29697}, {\"label\": \"ut\", \"value\": 37222}, {\"label\": \"assumenda\", \"value\": 52267}]','Ab quis ex culpa excepturi. Eius deserunt dolor natus consequatur enim.','Sit labore quis odit excepturi harum. Quis sit sint aut nihil laudantium non.','2020-03-30 08:35:47',NULL,NULL),(84,14,5,'Monitored reciprocal encoding','Accusamus magnam nemo consequatur et. Debitis eum quia natus est facilis quae rerum. Quaerat nisi tenetur temporibus quisquam quia. Modi quis sint porro voluptas optio cumque.','Marché Nationale et Export','Precision Devices Inspector',42415,'Veritatis iste quia eaque harum sapiente. Maiores asperiores nobis aut assumenda earum nemo et. Est nihil maiores esse rerum magnam.',35343,'tonnes','mois',1555504,163,216623,'[{\"strengths\": \"Aut est magni illo itaque nemo dignissimos sint aut. Non quia blanditiis qui blanditiis totam qui.\"}, {\"strengths\": \"Aut deleniti tenetur dicta ex. Consectetur fuga impedit qui. Rem dolor debitis ab minus reiciendis.\"}, {\"strengths\": \"Veniam reprehenderit ad omnis ea. Qui dolorem molestiae officiis ullam.\"}, {\"strengths\": \"Nihil mollitia consequatur quidem ratione. Quasi autem vero sequi magnam quis.\"}]','[{\"weaknesses\": \"Delectus vel id similique harum. Tenetur quia asperiores ipsum ut id architecto fuga.\"}, {\"weaknesses\": \"Voluptatem rerum est nihil dolor unde labore. Autem et et veniam amet iure enim est.\"}, {\"weaknesses\": \"Sunt repellendus ad et nobis. Inventore libero sunt quia voluptatem qui. Eum et esse ut distinctio.\"}, {\"weaknesses\": \"Dolores neque ut veritatis qui qui aut. Nihil ab facilis magni. Reprehenderit labore eos pariatur.\"}]','[{\"label\": \"repellat\", \"value\": 66981}, {\"label\": \"consequatur\", \"value\": 7893}, {\"label\": \"voluptatem\", \"value\": 8953}]','[{\"label\": \"quo\", \"value\": 574}]','Aut sed veniam et vel culpa. Aut dicta nulla id magnam aspernatur.','Veniam explicabo id id distinctio omnis. Corporis ullam ipsum illo quo quas. Neque sint vel a.','2020-03-30 08:35:47',NULL,NULL),(85,12,13,'Right-sized object-oriented neural-net','Debitis autem et in qui praesentium et aliquid. Ipsa saepe qui et nihil dolor dignissimos. Officiis consequatur veniam voluptatem magnam. Et dolores qui alias dolore et minus. Ut cum voluptas perferendis occaecati et tempore. Fugit blanditiis dicta veritatis reprehenderit cupiditate atque.','Marché International','Talent Director',3928,'Explicabo molestiae dolores sint vel. Vero vel possimus expedita iure quasi error alias. Magnam velit ut doloremque nesciunt labore. Hic sint est quo deleniti nam fugit aut tempore.',89697,'tonnes','an',1600804,790,121673,'[{\"strengths\": \"Explicabo asperiores illo vero dignissimos modi quo. Et unde maiores omnis pariatur officiis.\"}, {\"strengths\": \"Reprehenderit vero quia hic possimus. Ad non earum nulla similique qui voluptatum consequatur.\"}, {\"strengths\": \"Placeat et porro et eos repudiandae eligendi quis. Ad eligendi et quasi molestias.\"}, {\"strengths\": \"A non dolorem eligendi non qui nostrum. Quae omnis et et ducimus optio.\"}]','[{\"weaknesses\": \"Explicabo vel repellendus eius dolore. Dolor quam eveniet culpa dolores.\"}]','[{\"label\": \"aspernatur\", \"value\": 55303}, {\"label\": \"ea\", \"value\": 72377}, {\"label\": \"nihil\", \"value\": 53544}]','[{\"label\": \"et\", \"value\": 43638}, {\"label\": \"magni\", \"value\": 83871}, {\"label\": \"fuga\", \"value\": 14488}]','Est earum qui id ex atque consequatur aut. Sit fugit ipsum quisquam dolor aut.','Iure molestias incidunt sint laboriosam. Tempore iure quia at amet dicta quas.','2020-03-30 08:35:47',NULL,NULL),(86,18,13,'Advanced background functionalities','Minima vero ea tenetur autem aut. Quam fugit accusamus similique. Rerum dolorum quaerat excepturi id quia. Quisquam aspernatur optio est perferendis tempora corporis recusandae. In nobis corrupti enim vel dolores est. Consequatur quia ipsum itaque consequatur nihil dolores voluptatem.','Marché International','Cultural Studies Teacher',32727,'Aut culpa in consectetur similique aliquam dolorem aperiam. Dolorem praesentium aperiam et cum occaecati non. Aut et nesciunt accusamus accusamus minima.',67727,'tonnes','mois',1551306,945,771290,'[{\"strengths\": \"Quasi blanditiis et omnis et in quis. Non quas excepturi laboriosam deleniti rerum eos dolor natus.\"}]','[]','[{\"label\": \"accusantium\", \"value\": 12520}]','[]','Facere distinctio enim adipisci ea labore sed. Neque voluptatibus omnis quia et laudantium est.','Iusto officiis praesentium suscipit. Et exercitationem eligendi officia sapiente omnis.','2020-03-30 08:35:47',NULL,NULL),(87,17,10,'Horizontal user-facing systemengine','Ea ipsam vel optio veritatis voluptate explicabo dolorem. Cupiditate aperiam alias blanditiis iste reprehenderit dignissimos facere. Ex quos et corporis enim fugiat possimus. Corrupti est dicta dolorem aut error autem ut.','Marché Nationale et Export','Immigration Inspector OR Customs Inspector',1746,'Sit quos laborum rerum. Earum corporis sunt reiciendis doloribus id. Optio qui ducimus consequatur.',8598,'tonnes','an',1020186,859,1938452,'[{\"strengths\": \"Et est aliquid cum. Nulla et voluptas aut quas incidunt vel. Eveniet sequi rerum et ut.\"}, {\"strengths\": \"Quia adipisci autem rem labore. Quos et blanditiis ullam rerum doloribus.\"}, {\"strengths\": \"In debitis qui delectus voluptas soluta. Aliquid dolorum sed laudantium distinctio natus.\"}, {\"strengths\": \"Eos velit eum et et odio. Quas quos possimus nulla.\"}]','[]','[{\"label\": \"ducimus\", \"value\": 80885}, {\"label\": \"provident\", \"value\": 63221}, {\"label\": \"eos\", \"value\": 63782}]','[{\"label\": \"magnam\", \"value\": 55205}, {\"label\": \"error\", \"value\": 14796}, {\"label\": \"doloremque\", \"value\": 30109}, {\"label\": \"fugiat\", \"value\": 17941}, {\"label\": \"libero\", \"value\": 79478}]','Beatae ipsam neque quia tempore fugiat. Et recusandae qui quo.','Quam voluptatem alias assumenda voluptatem. Debitis aut sit aut. Vel sit dicta exercitationem quo.','2020-03-30 08:35:47',NULL,NULL),(88,12,13,'Object-based national superstructure','Et libero vel quasi aut et eos. Et sit molestiae vero dolores eum quibusdam. Omnis dolores ipsum iure et molestiae et. Repellendus eligendi rerum accusantium eum aut mollitia autem.','Marché International','Shoe and Leather Repairer',9950,'Maxime adipisci vel facilis blanditiis qui saepe. Explicabo ex deserunt rerum delectus eius id. Commodi aliquam distinctio quis dolorum officia facere.',76785,'litres','trimestre',1785161,393,630919,'[{\"strengths\": \"Cum in illo totam alias eaque ut. Optio id cupiditate quod. Voluptas vero aliquid fugit commodi.\"}, {\"strengths\": \"Impedit quisquam est fuga. Molestias et debitis sit culpa.\"}, {\"strengths\": \"Hic maiores rerum in animi qui ipsum est doloribus. Maiores saepe aut rem accusamus rerum harum et.\"}]','[{\"weaknesses\": \"Est eius sed dolore dolores. Natus autem dolor vel et neque.\"}, {\"weaknesses\": \"Expedita autem et corporis et eos. Fuga est quam eum et.\"}, {\"weaknesses\": \"Error qui dolorum omnis dolor. Nobis non quia eum esse debitis.\"}]','[{\"label\": \"deleniti\", \"value\": 2169}, {\"label\": \"illum\", \"value\": 72586}]','[{\"label\": \"voluptas\", \"value\": 10899}, {\"label\": \"vel\", \"value\": 76142}, {\"label\": \"commodi\", \"value\": 66023}, {\"label\": \"veniam\", \"value\": 50372}]','Et quia maxime voluptas. Ad ut ut enim provident. Et et expedita ea ipsam omnis non.','Et aliquid nulla dicta rem. Eos illum est ut et cum nobis voluptatem. Ut voluptas est ducimus.','2020-03-30 08:35:47',NULL,NULL),(89,17,5,'Front-line demand-driven opensystem','Sed possimus est eos voluptas sapiente vel. Qui est praesentium est eos omnis magnam. Id nam ex aperiam ut unde occaecati. Praesentium et beatae natus voluptates dolor doloremque. Sint et deleniti praesentium beatae ipsum est alias et.','Marché Nationale et Export','Manager Tactical Operations',60122,'Et possimus sint occaecati. Rem omnis rerum quia. Et culpa hic dolores. Laudantium suscipit excepturi et dolorem aut autem minima. Minima aperiam dolor provident quibusdam sint.',46123,'litres','mois',1280666,544,836457,'[{\"strengths\": \"Enim odit adipisci non quaerat. Fuga qui odio labore error deleniti reprehenderit ut.\"}, {\"strengths\": \"Qui qui deserunt est quisquam vel quaerat aperiam autem. Laborum et error qui aliquid sequi.\"}]','[{\"weaknesses\": \"Magni vel cupiditate esse culpa non. Temporibus et sint totam labore.\"}]','[]','[{\"label\": \"sed\", \"value\": 3097}, {\"label\": \"aut\", \"value\": 58315}, {\"label\": \"esse\", \"value\": 76471}]','Optio dolorum et quia animi eveniet iste. Voluptatem provident debitis et consectetur natus sed.','Illum laborum enim qui velit. Aut dignissimos vero harum quis ut.','2020-03-30 08:35:47',NULL,NULL),(90,13,13,'Cross-group fresh-thinking time-frame','Et occaecati sunt eum voluptatem. Autem provident vitae in assumenda rerum nobis. Accusamus et ut et alias sint aut. Maxime incidunt qui neque quo velit repellat autem.','Marché Nationale et Export','Precision Devices Inspector',64406,'Qui hic vel perferendis ipsam. Id ipsum possimus provident quidem hic maxime. Pariatur omnis sit autem aspernatur.',73045,'tonnes','trimestre',1316005,47,1199133,'[{\"strengths\": \"Sint voluptatem ea nesciunt ipsa at rerum. Molestias eum quia harum tempora aut minus ut.\"}, {\"strengths\": \"Molestias vel ut fugit rem enim. Fugiat molestias sit minus id. Excepturi non possimus officiis in.\"}, {\"strengths\": \"Dolores ut excepturi vel nihil. Dolores a sit dicta quia et. Nihil error quia aut aspernatur.\"}, {\"strengths\": \"Repudiandae et voluptatem et odio asperiores. Eos ad hic qui asperiores qui vel.\"}]','[{\"weaknesses\": \"Inventore ad qui id est aliquam perferendis. Reprehenderit omnis sit nam vel. Sit autem unde aut.\"}, {\"weaknesses\": \"Nostrum aut rerum minus eos. Velit ullam sed quia aut et dolore vel.\"}]','[{\"label\": \"suscipit\", \"value\": 26700}, {\"label\": \"qui\", \"value\": 66850}, {\"label\": \"est\", \"value\": 3517}, {\"label\": \"est\", \"value\": 71532}]','[{\"label\": \"in\", \"value\": 70022}]','Id atque ut dolorem repudiandae repudiandae. Deleniti laboriosam fugit velit ratione.','Fugit veritatis reprehenderit ut. Vero modi corrupti aut commodi et. Dignissimos modi ex esse cum.','2020-03-30 08:35:47',NULL,NULL),(91,18,10,'Customizable assymetric forecast','Et consequatur cumque aut ea ratione ut. Qui nihil eos et et magnam et asperiores. Nostrum nesciunt quae sunt hic. Rem voluptatum officia neque. Maiores eos nisi dicta.','Marché Nationale','Ship Pilot',6428,'Beatae autem dicta delectus et consequatur. Qui consequatur qui possimus placeat consectetur.',70475,'tonnes','mois',698320,797,1802049,'[{\"strengths\": \"Eveniet officiis consectetur est. Laborum et tempora cumque itaque. Eius ut sit nisi.\"}, {\"strengths\": \"Unde quasi officia illo sapiente inventore et est qui. Commodi qui repellendus quisquam et esse.\"}]','[{\"weaknesses\": \"Repudiandae aut cumque quia officia. Et ullam repudiandae quisquam ea.\"}, {\"weaknesses\": \"Quos neque voluptatibus dolor deserunt. Quidem possimus delectus ea quia omnis totam.\"}]','[{\"label\": \"dignissimos\", \"value\": 32315}, {\"label\": \"omnis\", \"value\": 89768}]','[]','Et corporis sit ad. Culpa molestiae consequatur dolor sequi. Totam harum aut ut omnis.','Aut ipsa aut reprehenderit est a velit enim. Maiores vel quod odit. Eos deserunt ipsam qui quasi.','2020-03-30 08:35:47',NULL,NULL),(92,12,9,'Streamlined empowering moderator','Sed et illum corporis dolorum quia voluptatem optio. Et ipsa at illo fuga sed ducimus quis. Omnis quidem enim qui. Aut veritatis molestiae dolor pariatur eius. Eum nihil ea qui quam. Ducimus corporis neque pariatur ea. Possimus perspiciatis quaerat laudantium iusto. Aut tempora est aspernatur.','Marché International','Movers',17685,'Et quas rerum et laboriosam dolores. Molestias quia ut molestiae quam. Molestiae cupiditate temporibus neque sed quia ut voluptas. Ad nihil modi est non libero aliquid provident neque.',61541,'litres','trimestre',714284,64,1634857,'[{\"strengths\": \"Eligendi ut modi sint voluptas qui neque. Aut itaque vitae accusamus ab aut perspiciatis.\"}, {\"strengths\": \"Sint quae dolorum quaerat. Dignissimos maiores sed nobis ducimus dolorum. Ut itaque laborum quia.\"}]','[{\"weaknesses\": \"Voluptatem et et rerum consequatur non animi magni. Doloribus enim vel maiores eos ducimus a.\"}, {\"weaknesses\": \"Eveniet officiis consequatur suscipit. Et omnis minus rerum veritatis.\"}]','[{\"label\": \"quod\", \"value\": 65624}, {\"label\": \"reprehenderit\", \"value\": 66844}]','[{\"label\": \"et\", \"value\": 13072}, {\"label\": \"doloribus\", \"value\": 87914}, {\"label\": \"ratione\", \"value\": 89096}, {\"label\": \"nobis\", \"value\": 1927}, {\"label\": \"omnis\", \"value\": 84060}, {\"label\": \"ratione\", \"value\": 52214}]','Sed aut qui rerum quia veniam maiores ut sit. Tenetur quo dolorum nihil ut. Et saepe ut atque.','Qui quis ducimus odit necessitatibus autem eum. Ut et et soluta quae. Fuga et commodi aut.','2020-03-30 08:35:47',NULL,NULL),(93,14,9,'Upgradable upward-trending ability','Neque iure officiis ad perferendis. Consequatur laudantium et accusamus ut dolor. Doloribus sit ex natus architecto accusantium veritatis fuga. Iure itaque dolor odio sit ad. Id consequatur debitis fugit qui. Sunt accusantium fuga dolorum temporibus blanditiis voluptas.','Marché International','Audiologist',12807,'Velit iste ullam dolorum necessitatibus voluptatem. Voluptas ad deserunt voluptatem ut dolor commodi ut.',62343,'litres','an',1736014,964,1688820,'[{\"strengths\": \"Porro error reiciendis quis dicta. Dolorem harum sint quidem aliquid et recusandae.\"}, {\"strengths\": \"Velit eveniet eos deleniti voluptatem et iusto optio. Et est sunt et voluptatem cum est.\"}]','[{\"weaknesses\": \"Nisi consequatur aut deserunt velit. Ipsum quia hic voluptatum quam delectus.\"}]','[]','[{\"label\": \"fugiat\", \"value\": 42104}, {\"label\": \"in\", \"value\": 56616}, {\"label\": \"est\", \"value\": 78045}, {\"label\": \"necessitatibus\", \"value\": 87365}, {\"label\": \"voluptas\", \"value\": 38925}]','Praesentium hic et amet modi. Quibusdam harum amet facilis. Aut natus sunt dolore rerum.','Quos voluptate deleniti sit magni. Impedit quidem accusamus tempore animi.','2020-03-30 08:35:47',NULL,NULL),(94,17,13,'Operative human-resource algorithm','Quia doloribus possimus nobis similique dicta facilis nesciunt. Commodi voluptas itaque accusantium id. Error et aut iure vel incidunt rem eligendi. Vel omnis autem aut doloribus est.','Marché Nationale et Export','Brazer',72818,'Eos aperiam dolores similique consequatur est asperiores tenetur. Inventore dolor hic voluptatum facilis. Ut enim tenetur in voluptas reiciendis nesciunt optio.',42494,'litres','trimestre',832267,848,1593078,'[{\"strengths\": \"Rerum et delectus quibusdam repellendus. Et omnis explicabo voluptatem accusamus.\"}, {\"strengths\": \"Fugiat fugiat et deleniti eveniet velit laboriosam. Pariatur et dolor et. Sit sed voluptas est et.\"}]','[{\"weaknesses\": \"In quam sunt eius sequi. Laudantium magnam aliquid autem voluptate porro facere.\"}, {\"weaknesses\": \"Quae est adipisci enim sed. Et est amet quod id voluptas recusandae.\"}, {\"weaknesses\": \"Et praesentium dolorem dolore et iusto aut. Aut velit qui corrupti culpa sint.\"}, {\"weaknesses\": \"Ullam libero nemo ut. Quo sit nulla accusantium ea. Ut voluptates error officiis cupiditate rerum.\"}]','[{\"label\": \"ratione\", \"value\": 89759}, {\"label\": \"ab\", \"value\": 79519}]','[{\"label\": \"ullam\", \"value\": 68045}, {\"label\": \"non\", \"value\": 40424}, {\"label\": \"aut\", \"value\": 55562}, {\"label\": \"quod\", \"value\": 50059}]','Vel temporibus quae dignissimos necessitatibus sed. Placeat iure sed expedita quia molestiae.','Cumque odit itaque ab. Optio est tempora harum soluta nobis est voluptates aut.','2020-03-30 08:35:47',NULL,NULL),(95,18,5,'Triple-buffered dynamic structure','Asperiores est suscipit alias aut quo. Sit dolorem rem voluptatem ad repellendus. Et voluptatem quo rerum sit sint.','Marché Nationale et Export','Photographer',49209,'Iste soluta in ut excepturi facere. Et qui voluptatem eum at voluptatem repellendus officia. Perspiciatis magnam voluptatem tempore deserunt ut.',2055,'Kg','trimestre',731886,168,1432303,'[{\"strengths\": \"Quaerat temporibus non qui nulla. Qui magni et natus magnam. Sit et enim qui doloribus.\"}]','[{\"weaknesses\": \"Enim et earum rerum rerum. Illo suscipit consequatur sed sunt sint. Veritatis et assumenda ab sit.\"}, {\"weaknesses\": \"Velit quidem quo dolorum at minus eligendi. Iste numquam rerum itaque minima quo nihil laboriosam.\"}, {\"weaknesses\": \"Est impedit aperiam est. Et voluptatem nisi dolore tempora eius.\"}, {\"weaknesses\": \"Adipisci dolores enim sit qui. Vel est eos qui. Nisi sint ea natus culpa.\"}]','[{\"label\": \"eveniet\", \"value\": 44758}]','[{\"label\": \"vel\", \"value\": 54653}, {\"label\": \"commodi\", \"value\": 67501}, {\"label\": \"alias\", \"value\": 32295}, {\"label\": \"asperiores\", \"value\": 68052}]','Harum dolores saepe est laudantium ea optio quo. Molestias eius veritatis in laborum deserunt et.','Cumque qui ratione qui itaque odit. Est ad maxime culpa et. Et omnis quia voluptas.','2020-03-30 08:35:47',NULL,NULL),(96,18,10,'Devolved full-range task-force','Velit dolores similique quasi perspiciatis enim quia. Vero dolor est illo cupiditate molestias ratione veritatis. Vitae aliquam omnis saepe pariatur. Ut eos est sit incidunt ut iste autem molestiae. Nisi aspernatur velit consequuntur corporis ipsam eum sed. Temporibus rerum numquam iusto sit.','Marché Nationale et Export','Industrial Safety Engineer',15660,'Minus et qui nam consequatur. Omnis aut voluptatem a repellat dolor sed. Est ullam et atque. Soluta et aut non.',60617,'tonnes','trimestre',1629203,477,1660076,'[{\"strengths\": \"Ea maiores odit laboriosam et illum. Et molestias veritatis impedit est quod fuga nulla.\"}, {\"strengths\": \"Corporis sit corrupti accusamus quos aliquam. Molestiae incidunt velit nemo voluptatem illo et.\"}, {\"strengths\": \"Sed non et sed consequuntur vero. Perspiciatis accusantium nisi vel et.\"}]','[{\"weaknesses\": \"Et id sit corporis. Provident harum in quisquam harum. Quidem omnis deserunt nisi illum.\"}, {\"weaknesses\": \"Voluptas saepe et ducimus. Cumque sit numquam sed fugit rerum.\"}, {\"weaknesses\": \"Laborum voluptatem ut repellat dicta. Voluptatem in eos quidem aperiam sed ut odit.\"}]','[{\"label\": \"voluptatem\", \"value\": 52072}, {\"label\": \"commodi\", \"value\": 13613}, {\"label\": \"voluptas\", \"value\": 77397}, {\"label\": \"dolore\", \"value\": 57335}]','[{\"label\": \"quidem\", \"value\": 57548}, {\"label\": \"magni\", \"value\": 10290}, {\"label\": \"qui\", \"value\": 39257}, {\"label\": \"sed\", \"value\": 43488}, {\"label\": \"expedita\", \"value\": 28552}]','Eum molestiae quisquam eius porro illum placeat. Iste et sunt rerum. Voluptas quia veniam iure.','Veritatis consequatur hic tenetur in sint. Nulla animi sint nostrum magnam enim at ex.','2020-03-30 08:35:47',NULL,NULL),(97,13,5,'Multi-channelled multimedia accesss','Vel nesciunt velit non maxime ducimus et nostrum. In non ut rerum ut dignissimos ut. Voluptas praesentium voluptatem iure voluptas velit voluptates. Beatae vero quasi occaecati id enim.','Marché Nationale et Export','Welder',53548,'Maxime tempora deleniti et rerum. Magnam autem praesentium placeat dolorum.',57761,'tonnes','an',1843692,125,1726442,'[{\"strengths\": \"Numquam tempore velit dolores veritatis. Repellendus excepturi quaerat nobis magnam harum et.\"}, {\"strengths\": \"Voluptas esse enim excepturi et. Fugiat nihil odio nisi quas quo itaque eum.\"}, {\"strengths\": \"Quis soluta quam architecto quo amet tempora qui. Minus id repellat ea ipsam.\"}, {\"strengths\": \"Nostrum dolore ut animi ut. Velit aut quis incidunt minima. Omnis quam earum est id.\"}]',NULL,'[{\"label\": \"amet\", \"value\": \"86048\"}, {\"label\": \"non\", \"value\": \"23959\"}]','[{\"label\": \"non\", \"value\": \"34158\"}, {\"label\": \"optio\", \"value\": \"69429\"}, {\"label\": \"molestiae\", \"value\": \"14341\"}]','Qui harum cupiditate et quis sunt possimus et. Ut rem rerum eum modi.','Dolores libero quam deserunt. Tempore consequatur voluptatem esse qui autem.','2020-03-30 08:35:47',NULL,NULL),(98,13,5,'Multi-channelled multimedia accesss','Vel nesciunt velit non maxime ducimus et nostrum. In non ut rerum ut dignissimos ut. Voluptas praesentium voluptatem iure voluptas velit voluptates. Beatae vero quasi occaecati id enim.','Marché Nationale et Export','Welder',53548,'Maxime tempora deleniti et rerum. Magnam autem praesentium placeat dolorum.',57761,'tonnes','an',1843692,125,1726442,'[{\"strengths\": \"Numquam tempore velit dolores veritatis. Repellendus excepturi quaerat nobis magnam harum et.\"}, {\"strengths\": \"Voluptas esse enim excepturi et. Fugiat nihil odio nisi quas quo itaque eum.\"}, {\"strengths\": \"Quis soluta quam architecto quo amet tempora qui. Minus id repellat ea ipsam.\"}, {\"strengths\": \"Nostrum dolore ut animi ut. Velit aut quis incidunt minima. Omnis quam earum est id.\"}]',NULL,'[{\"label\": \"amet\", \"value\": \"86048\"}, {\"label\": \"non\", \"value\": \"23959\"}]','[{\"label\": \"non\", \"value\": \"34158\"}, {\"label\": \"optio\", \"value\": \"69429\"}, {\"label\": \"molestiae\", \"value\": \"14341\"}]','Qui harum cupiditate et quis sunt possimus et. Ut rem rerum eum modi.','Dolores libero quam deserunt. Tempore consequatur voluptatem esse qui autem.','2020-03-30 08:35:47',NULL,NULL),(99,13,5,'Multi-channelled multimedia accesss','Vel nesciunt velit non maxime ducimus et nostrum. In non ut rerum ut dignissimos ut. Voluptas praesentium voluptatem iure voluptas velit voluptates. Beatae vero quasi occaecati id enim.','Marché Nationale et Export','Welder',53548,'Maxime tempora deleniti et rerum. Magnam autem praesentium placeat dolorum.',57761,'tonnes','an',1843692,125,1726442,'[{\"strengths\": \"Numquam tempore velit dolores veritatis. Repellendus excepturi quaerat nobis magnam harum et.\"}, {\"strengths\": \"Voluptas esse enim excepturi et. Fugiat nihil odio nisi quas quo itaque eum.\"}, {\"strengths\": \"Quis soluta quam architecto quo amet tempora qui. Minus id repellat ea ipsam.\"}, {\"strengths\": \"Nostrum dolore ut animi ut. Velit aut quis incidunt minima. Omnis quam earum est id.\"}]',NULL,'[{\"label\": \"amet\", \"value\": \"86048\"}, {\"label\": \"non\", \"value\": \"23959\"}]','[{\"label\": \"non\", \"value\": \"34158\"}, {\"label\": \"optio\", \"value\": \"69429\"}, {\"label\": \"molestiae\", \"value\": \"14341\"}]','Qui harum cupiditate et quis sunt possimus et. Ut rem rerum eum modi.','Dolores libero quam deserunt. Tempore consequatur voluptatem esse qui autem.','2020-03-30 08:35:47',NULL,NULL),(100,13,5,'Multi-channelled multimedia accesss','Vel nesciunt velit non maxime ducimus et nostrum. In non ut rerum ut dignissimos ut. Voluptas praesentium voluptatem iure voluptas velit voluptates. Beatae vero quasi occaecati id enim.','Marché Nationale et Export','Welder',53548,'Maxime tempora deleniti et rerum. Magnam autem praesentium placeat dolorum.',57761,'tonnes','an',1843692,125,1726442,'[{\"strengths\": \"Numquam tempore velit dolores veritatis. Repellendus excepturi quaerat nobis magnam harum et.\"}, {\"strengths\": \"Voluptas esse enim excepturi et. Fugiat nihil odio nisi quas quo itaque eum.\"}, {\"strengths\": \"Quis soluta quam architecto quo amet tempora qui. Minus id repellat ea ipsam.\"}, {\"strengths\": \"Nostrum dolore ut animi ut. Velit aut quis incidunt minima. Omnis quam earum est id.\"}]',NULL,'[{\"label\": \"amet\", \"value\": \"86048\"}, {\"label\": \"non\", \"value\": \"23959\"}]','[{\"label\": \"non\", \"value\": \"34158\"}, {\"label\": \"optio\", \"value\": \"69429\"}, {\"label\": \"molestiae\", \"value\": \"14341\"}]','Qui harum cupiditate et quis sunt possimus et. Ut rem rerum eum modi.','Dolores libero quam deserunt. Tempore consequatur voluptatem esse qui autem.','2020-03-30 08:35:47',NULL,NULL),(101,13,5,'Multi-channelled multimedia accesss','Vel nesciunt velit non maxime ducimus et nostrum. In non ut rerum ut dignissimos ut. Voluptas praesentium voluptatem iure voluptas velit voluptates. Beatae vero quasi occaecati id enim.','Marché Nationale et Export','Welder',53548,'Maxime tempora deleniti et rerum. Magnam autem praesentium placeat dolorum.',57761,'tonnes','an',1843692,125,1726442,'[{\"strengths\": \"Numquam tempore velit dolores veritatis. Repellendus excepturi quaerat nobis magnam harum et.\"}, {\"strengths\": \"Voluptas esse enim excepturi et. Fugiat nihil odio nisi quas quo itaque eum.\"}, {\"strengths\": \"Quis soluta quam architecto quo amet tempora qui. Minus id repellat ea ipsam.\"}, {\"strengths\": \"Nostrum dolore ut animi ut. Velit aut quis incidunt minima. Omnis quam earum est id.\"}]',NULL,'[{\"label\": \"amet\", \"value\": \"86048\"}, {\"label\": \"non\", \"value\": \"23959\"}]','[{\"label\": \"non\", \"value\": \"34158\"}, {\"label\": \"optio\", \"value\": \"69429\"}, {\"label\": \"molestiae\", \"value\": \"14341\"}]','Qui harum cupiditate et quis sunt possimus et. Ut rem rerum eum modi.','Dolores libero quam deserunt. Tempore consequatur voluptatem esse qui autem.','2020-03-30 08:35:47',NULL,NULL),(102,13,5,'Multi-channelled multimedia accesss','Vel nesciunt velit non maxime ducimus et nostrum. In non ut rerum ut dignissimos ut. Voluptas praesentium voluptatem iure voluptas velit voluptates. Beatae vero quasi occaecati id enim.','Marché Nationale et Export','Welder',53548,'Maxime tempora deleniti et rerum. Magnam autem praesentium placeat dolorum.',57761,'tonnes','an',1843692,125,1726442,'[{\"strengths\": \"Numquam tempore velit dolores veritatis. Repellendus excepturi quaerat nobis magnam harum et.\"}, {\"strengths\": \"Voluptas esse enim excepturi et. Fugiat nihil odio nisi quas quo itaque eum.\"}, {\"strengths\": \"Quis soluta quam architecto quo amet tempora qui. Minus id repellat ea ipsam.\"}, {\"strengths\": \"Nostrum dolore ut animi ut. Velit aut quis incidunt minima. Omnis quam earum est id.\"}]',NULL,'[{\"label\": \"amet\", \"value\": \"86048\"}, {\"label\": \"non\", \"value\": \"23959\"}]','[{\"label\": \"non\", \"value\": \"34158\"}, {\"label\": \"optio\", \"value\": \"69429\"}, {\"label\": \"molestiae\", \"value\": \"14341\"}]','Qui harum cupiditate et quis sunt possimus et. Ut rem rerum eum modi.','Dolores libero quam deserunt. Tempore consequatur voluptatem esse qui autem.','2020-03-30 08:35:47',NULL,NULL),(103,13,5,'abc','sdfsd','sdfsdffs','fsdfsdfd',78978987,'ryry',7878897,'dgfdg','fdgfdg',789787,54887,7897878,'[{\"strengths\": \"dgddg\"}]','[{\"weaknesses\": \"dgdg\"}]','[{\"label\": \"dgdg\", \"value\": \"545454\"}]','[{\"label\": \"dfdf\", \"value\": \"55445\"}]','ttry','rytyr','2020-03-30 08:35:47',NULL,NULL),(104,14,5,'Cross-platform explicit GraphicalUserInterface','Tempora ipsam odio cumque quae quas corrupti. Officiis qui eveniet quia voluptatum ab sit. Molestias vero corporis consequuntur corrupti est. Possimus sapiente quia omnis voluptatibus.','Marché Nationale et Export','Counselorrr',70094,'Modi itaque vel laboriosam quo voluptatem sint quos. Dolores explicabo ab veritatis et est dolor libero. Vitae quia quis aut. Tempora necessitatibus impedit sequi.',73832,'tonnes','mois',1547254,753,1769582,'[{\"strengths\": \"Et rerum et iste dolor vel. Vel sunt illo nesciunt soluta et vero. Animi porro odit est quos.\"}, {\"strengths\": \"Ipsam mollitia assumenda quia neque eos. Qui ipsum maiores in.\"}]','[{\"weaknesses\": \"Quod sit vel iure. Consequatur nesciunt excepturi aut omnis repudiandae. Et quidem illum quis qui.\"}]','[{\"label\": \"ipsum\", \"value\": \"18325\"}, {\"label\": \"ratione\", \"value\": \"64045\"}, {\"label\": \"minima\", \"value\": \"86689\"}]','[{\"label\": \"fugit\", \"value\": \"19196\"}]','Pariatur ut nostrum perferendis. Vel quis odit quis voluptatem maiores.','Est ratione quasi necessitatibus iste dolorem. Eos vero voluptatem delectus. Fugit et et labore.','2020-03-30 08:35:47',NULL,NULL),(105,13,5,'Multi-channelled multimedia accessss','Vel nesciunt velit non maxime ducimus et nostrum. In non ut rerum ut dignissimos ut. Voluptas praesentium voluptatem iure voluptas velit voluptates. Beatae vero quasi occaecati id enim.','Marché Nationale et Export','Welder',53548,'Maxime tempora deleniti et rerum. Magnam autem praesentium placeat dolorum.',57761,'tonnes','an',1843692,125,1726442,'[{\"strengths\": \"Numquam tempore velit dolores veritatis. Repellendus excepturi quaerat nobis magnam harum et.\"}, {\"strengths\": \"Voluptas esse enim excepturi et. Fugiat nihil odio nisi quas quo itaque eum.\"}, {\"strengths\": \"Quis soluta quam architecto quo amet tempora qui. Minus id repellat ea ipsam.\"}, {\"strengths\": \"Nostrum dolore ut animi ut. Velit aut quis incidunt minima. Omnis quam earum est id.\"}]',NULL,'[{\"label\": \"amet\", \"value\": \"86048\"}, {\"label\": \"non\", \"value\": \"23959\"}]','[{\"label\": \"non\", \"value\": \"34158\"}, {\"label\": \"optio\", \"value\": \"69429\"}, {\"label\": \"molestiae\", \"value\": \"14341\"}]','Qui harum cupiditate et quis sunt possimus et. Ut rem rerum eum modi.','Dolores libero quam deserunt. Tempore consequatur voluptatem esse qui autem.','2020-03-30 08:35:47',NULL,NULL),(106,13,5,'Multi-channelled multimedia accessss','Vel nesciunt velit non maxime ducimus et nostrum. In non ut rerum ut dignissimos ut. Voluptas praesentium voluptatem iure voluptas velit voluptates. Beatae vero quasi occaecati id enim.','Marché Nationale et Export','Welder',53548,'Maxime tempora deleniti et rerum. Magnam autem praesentium placeat dolorum.',57761,'tonnes','an',1843692,125,1726442,'[{\"strengths\": \"Numquam tempore velit dolores veritatis. Repellendus excepturi quaerat nobis magnam harum et.\"}, {\"strengths\": \"Voluptas esse enim excepturi et. Fugiat nihil odio nisi quas quo itaque eum.\"}, {\"strengths\": \"Quis soluta quam architecto quo amet tempora qui. Minus id repellat ea ipsam.\"}, {\"strengths\": \"Nostrum dolore ut animi ut. Velit aut quis incidunt minima. Omnis quam earum est id.\"}]',NULL,'[{\"label\": \"amet\", \"value\": \"86048\"}, {\"label\": \"non\", \"value\": \"23959\"}]','[{\"label\": \"non\", \"value\": \"34158\"}, {\"label\": \"optio\", \"value\": \"69429\"}, {\"label\": \"molestiae\", \"value\": \"14341\"}]','Qui harum cupiditate et quis sunt possimus et. Ut rem rerum eum modi.','Dolores libero quam deserunt. Tempore consequatur voluptatem esse qui autem.','2020-03-30 08:35:47',NULL,NULL);

--
-- Table structure for table `sessions`
--

CREATE TABLE `sessions` (
  `id` int(11) NOT NULL AUTO_INCREMENT,
  `id_formation` int(11) DEFAULT NULL,
  `title` varchar(256) COLLATE utf8mb4_bin DEFAULT NULL,
  `start_date` datetime DEFAULT NULL,
  `end_date` datetime DEFAULT NULL,
  `sort` varchar(255) COLLATE utf8mb4_bin DEFAULT NULL,
  `observation` varchar(512) COLLATE utf8mb4_bin DEFAULT NULL,
  `created_at` timestamp NULL DEFAULT CURRENT_TIMESTAMP,
  `updated_at` timestamp NULL DEFAULT NULL,
  `max_inscrit` int(11) DEFAULT NULL,
  PRIMARY KEY (`id`),
  KEY `id_formation` (`id_formation`),
  CONSTRAINT `id_formation` FOREIGN KEY (`id_formation`) REFERENCES `formations` (`id`)
) ENGINE=InnoDB AUTO_INCREMENT=102 DEFAULT CHARSET=utf8mb4 COLLATE=utf8mb4_bin;

--
-- Dumping data for table `sessions`
--

INSERT INTO `sessions` VALUES (92,1,'Session Créer mon entreprise 1',NULL,NULL,'En file d\'attente',NULL,'2020-12-11 16:52:58','2020-12-11 16:52:58',10),(94,17,'Session Test d\'aptitude en ligne 9','2021-02-15 00:00:00','2021-02-17 00:00:00','En file d\'attente','dépouillement N°1 18/02/2021','2021-02-15 13:50:07','2021-02-15 13:58:14',50),(95,17,'Session Test d\'aptitude en ligne 2','2021-02-15 00:00:00','2021-02-17 00:00:00','En file d\'attente','dépouillement 2','2021-02-15 13:50:18','2021-02-15 13:50:18',50),(96,17,'Session Test d\'aptitude en ligne 3','2021-02-15 00:00:00','2021-02-17 00:00:00','En cours','dépouillement 2','2021-02-15 13:50:49','2021-02-15 13:50:49',50),(97,17,'Session Test d\'aptitude en ligne 4','2021-02-15 00:00:00','2021-02-15 00:00:00','En cours','dépouillement 2','2021-02-15 13:51:05','2021-02-15 13:51:05',50),(98,17,'Session Test d\'aptitude en ligne 5','2021-02-15 00:00:00','2021-02-15 00:00:00','En cours','dépouillement 2','2021-02-15 13:51:23','2021-02-15 13:51:23',50),(99,17,'Session Test d\'aptitude en ligne 6','2021-02-15 00:00:00','2021-02-15 00:00:00','En file d\'attente','dépouillement 2','2021-02-15 13:51:33','2021-02-15 13:51:33',50),(100,17,'Session Test d\'aptitude en ligne 7','2021-02-15 00:00:00','2021-02-15 00:00:00','En file d\'attente','dépouillement','2021-02-15 13:51:43','2021-02-15 13:51:43',50),(101,17,'Session Test d\'aptitude en ligne 8','2021-02-15 00:00:00','2021-02-17 00:00:00','En file d\'attente','dépouillement','2021-02-15 13:51:55','2021-02-15 13:51:55',50);

--
-- Table structure for table `townships`
--

CREATE TABLE `townships` (
  `id` int(11) NOT NULL AUTO_INCREMENT,
  `title` varchar(65) NOT NULL,
  PRIMARY KEY (`id`),
  UNIQUE KEY `title_UNIQUE` (`title`)
) ENGINE=InnoDB AUTO_INCREMENT=48 DEFAULT CHARSET=utf8;

--
-- Dumping data for table `townships`
--

INSERT INTO `townships` VALUES (45,'Abdelghaya Souahel'),(30,'Aït Kamra'),(27,'Aït Youssef Ou Ali'),(9,'Ajdir'),(14,'Al Hoceïma'),(21,'Arbaa Taourirt'),(26,'Beni Abadallah'),(36,'Beni Bchir'),(38,'Bni Ahmed Imoukzan'),(32,'Bni Ammart'),(13,'Bni Bouayach'),(43,'Bni Bouchibet'),(17,'Bni Boufrah'),(37,'Bni Bounsar'),(20,'Bni Gmil'),(19,'Bni Gmil Maksouline'),(24,'Bni Hadifa'),(47,'Chakrane'),(29,'Imrabten'),(5,'Imzouren'),(41,'Issaguen'),(46,'Izemmouren'),(39,'Ketama'),(28,'Louta'),(42,'Moulay Ahmed Chérif'),(22,'Nekkour'),(31,'Rouadi'),(18,'Senada'),(34,'Sidi Boutmim'),(33,'Sidi Bouzineb'),(44,'Taghzout'),(40,'Tamsaout'),(10,'Targuist'),(23,'Tifarouine'),(25,'Zaouïat Sidi Abdelkader'),(35,'Zarkt');


